{"id":2827,"date":"2023-10-26T12:49:01","date_gmt":"2023-10-26T10:49:01","guid":{"rendered":"https:\/\/strahlgraindryers.com\/essiccatoio\/serie-fr\/"},"modified":"2025-07-14T13:42:36","modified_gmt":"2025-07-14T11:42:36","slug":"serie-fr","status":"publish","type":"essiccatoio","link":"https:\/\/strahlgraindryers.com\/pt-pt\/secadores\/serie-fr\/","title":{"rendered":"S\u00e9rie FR"},"content":{"rendered":"<p>Os secadores FR s\u00e3o projetados e fabricados para lidar com processamento de m\u00e9dio e grande volume, unindo efici\u00eancia e sustentabilidade. Equipados com uma solu\u00e7\u00e3o integrada de recupera\u00e7ao de calor que reduz as necessidades de energia, eles s\u00e3o incrivelmente dur\u00e1veis e oferecem um ambiente de trabalho comfort\u00e1vel. Sistemas de inspe\u00e7\u00e3o de f\u00e1cil acesso permiten uma manuten\u00e7\u00e3o simples e segura. O painel de controle de \u00faltima gera\u00e7\u00e3o permite ampla personaliza\u00e7\u00e3o de receitas de secagem, com uma solu\u00e7ao integrada de recupera\u00e7ao de calor que reduz as necessidades de energia.<\/p>\n","protected":false},"excerpt":{"rendered":"<p>O design vanguardista dos secadores Strahl, para resultados sustent\u00e1veis y eficientes<\/p>\n","protected":false},"author":1,"featured_media":2828,"template":"","meta":{"_acf_changed":false},"categories":[50],"class_list":["post-2827","essiccatoio","type-essiccatoio","status-publish","has-post-thumbnail","hentry","category-secadores-estacionarios-pt-pt"],"acf":[],"yoast_head":"<!-- This site is optimized with the Yoast SEO plugin v27.3 - https:\/\/yoast.com\/product\/yoast-seo-wordpress\/ -->\n<title>S\u00e9rie FR - Strahl<\/title>\n<meta name=\"description\" content=\"Os secadores FR s\u00e3o projetados e fabricados para lidar com processamento de m\u00e9dio e grande volume, unindo efici\u00eancia e sustentabilidade.\" \/>\n<meta name=\"robots\" content=\"index, follow, max-snippet:-1, max-image-preview:large, max-video-preview:-1\" \/>\n<link rel=\"canonical\" href=\"https:\/\/strahlgraindryers.com\/pt-pt\/secadores\/serie-fr\/\" \/>\n<meta property=\"og:locale\" content=\"pt_PT\" \/>\n<meta property=\"og:type\" content=\"article\" \/>\n<meta property=\"og:title\" content=\"S\u00e9rie FR - Strahl\" \/>\n<meta property=\"og:description\" content=\"Os secadores FR s\u00e3o projetados e fabricados para lidar com processamento de m\u00e9dio e grande volume, unindo efici\u00eancia e sustentabilidade.\" \/>\n<meta property=\"og:url\" content=\"https:\/\/strahlgraindryers.com\/pt-pt\/secadores\/serie-fr\/\" \/>\n<meta property=\"og:site_name\" content=\"Strahl\" \/>\n<meta property=\"article:publisher\" content=\"https:\/\/www.linkedin.com\/company\/strahl-srl\/\" \/>\n<meta property=\"article:modified_time\" content=\"2025-07-14T11:42:36+00:00\" \/>\n<meta property=\"og:image\" content=\"https:\/\/strahlgraindryers.com\/wp-content\/uploads\/2023\/10\/grain_drayers_serie_fr.jpg\" \/>\n\t<meta property=\"og:image:width\" content=\"1920\" \/>\n\t<meta property=\"og:image:height\" content=\"1281\" \/>\n\t<meta property=\"og:image:type\" content=\"image\/jpeg\" \/>\n<meta name=\"twitter:card\" content=\"summary_large_image\" \/>\n<meta name=\"twitter:label1\" content=\"Tempo estimado de leitura\" \/>\n\t<meta name=\"twitter:data1\" content=\"1 minuto\" \/>\n<script type=\"application\/ld+json\" class=\"yoast-schema-graph\">{\"@context\":\"https:\\\/\\\/schema.org\",\"@graph\":[{\"@type\":\"WebPage\",\"@id\":\"https:\\\/\\\/strahlgraindryers.com\\\/pt-pt\\\/secadores\\\/serie-fr\\\/\",\"url\":\"https:\\\/\\\/strahlgraindryers.com\\\/pt-pt\\\/secadores\\\/serie-fr\\\/\",\"name\":\"S\u00e9rie FR - Strahl\",\"isPartOf\":{\"@id\":\"https:\\\/\\\/strahlgraindryers.com\\\/pt-pt\\\/#website\"},\"primaryImageOfPage\":{\"@id\":\"https:\\\/\\\/strahlgraindryers.com\\\/pt-pt\\\/secadores\\\/serie-fr\\\/#primaryimage\"},\"image\":{\"@id\":\"https:\\\/\\\/strahlgraindryers.com\\\/pt-pt\\\/secadores\\\/serie-fr\\\/#primaryimage\"},\"thumbnailUrl\":\"https:\\\/\\\/strahlgraindryers.com\\\/wp-content\\\/uploads\\\/2023\\\/10\\\/grain_drayers_serie_fr.jpg\",\"datePublished\":\"2023-10-26T10:49:01+00:00\",\"dateModified\":\"2025-07-14T11:42:36+00:00\",\"description\":\"Os secadores FR s\u00e3o projetados e fabricados para lidar com processamento de m\u00e9dio e grande volume, unindo efici\u00eancia e sustentabilidade.\",\"breadcrumb\":{\"@id\":\"https:\\\/\\\/strahlgraindryers.com\\\/pt-pt\\\/secadores\\\/serie-fr\\\/#breadcrumb\"},\"inLanguage\":\"pt-PT\",\"potentialAction\":[{\"@type\":\"ReadAction\",\"target\":[\"https:\\\/\\\/strahlgraindryers.com\\\/pt-pt\\\/secadores\\\/serie-fr\\\/\"]}]},{\"@type\":\"ImageObject\",\"inLanguage\":\"pt-PT\",\"@id\":\"https:\\\/\\\/strahlgraindryers.com\\\/pt-pt\\\/secadores\\\/serie-fr\\\/#primaryimage\",\"url\":\"https:\\\/\\\/strahlgraindryers.com\\\/wp-content\\\/uploads\\\/2023\\\/10\\\/grain_drayers_serie_fr.jpg\",\"contentUrl\":\"https:\\\/\\\/strahlgraindryers.com\\\/wp-content\\\/uploads\\\/2023\\\/10\\\/grain_drayers_serie_fr.jpg\",\"width\":1920,\"height\":1281},{\"@type\":\"BreadcrumbList\",\"@id\":\"https:\\\/\\\/strahlgraindryers.com\\\/pt-pt\\\/secadores\\\/serie-fr\\\/#breadcrumb\",\"itemListElement\":[{\"@type\":\"ListItem\",\"position\":1,\"name\":\"Home\",\"item\":\"https:\\\/\\\/strahlgraindryers.com\\\/pt-pt\\\/\"},{\"@type\":\"ListItem\",\"position\":2,\"name\":\"S\u00e9rie FR\"}]},{\"@type\":\"WebSite\",\"@id\":\"https:\\\/\\\/strahlgraindryers.com\\\/pt-pt\\\/#website\",\"url\":\"https:\\\/\\\/strahlgraindryers.com\\\/pt-pt\\\/\",\"name\":\"https:\\\/\\\/strahlgraindryers.com\\\/\",\"description\":\"Grain Dryers\",\"publisher\":{\"@id\":\"https:\\\/\\\/strahlgraindryers.com\\\/pt-pt\\\/#organization\"},\"potentialAction\":[{\"@type\":\"SearchAction\",\"target\":{\"@type\":\"EntryPoint\",\"urlTemplate\":\"https:\\\/\\\/strahlgraindryers.com\\\/pt-pt\\\/?s={search_term_string}\"},\"query-input\":{\"@type\":\"PropertyValueSpecification\",\"valueRequired\":true,\"valueName\":\"search_term_string\"}}],\"inLanguage\":\"pt-PT\"},{\"@type\":\"Organization\",\"@id\":\"https:\\\/\\\/strahlgraindryers.com\\\/pt-pt\\\/#organization\",\"name\":\"Strahl\",\"url\":\"https:\\\/\\\/strahlgraindryers.com\\\/pt-pt\\\/\",\"logo\":{\"@type\":\"ImageObject\",\"inLanguage\":\"pt-PT\",\"@id\":\"https:\\\/\\\/strahlgraindryers.com\\\/pt-pt\\\/#\\\/schema\\\/logo\\\/image\\\/\",\"url\":\"https:\\\/\\\/strahlgraindryers.com\\\/wp-content\\\/uploads\\\/2023\\\/11\\\/Strahl_logo.jpg\",\"contentUrl\":\"https:\\\/\\\/strahlgraindryers.com\\\/wp-content\\\/uploads\\\/2023\\\/11\\\/Strahl_logo.jpg\",\"width\":640,\"height\":140,\"caption\":\"Strahl\"},\"image\":{\"@id\":\"https:\\\/\\\/strahlgraindryers.com\\\/pt-pt\\\/#\\\/schema\\\/logo\\\/image\\\/\"},\"sameAs\":[\"https:\\\/\\\/www.linkedin.com\\\/company\\\/strahl-srl\\\/\"]}]}<\/script>\n<!-- \/ Yoast SEO plugin. -->","yoast_head_json":{"title":"S\u00e9rie FR - Strahl","description":"Os secadores FR s\u00e3o projetados e fabricados para lidar com processamento de m\u00e9dio e grande volume, unindo efici\u00eancia e sustentabilidade.","robots":{"index":"index","follow":"follow","max-snippet":"max-snippet:-1","max-image-preview":"max-image-preview:large","max-video-preview":"max-video-preview:-1"},"canonical":"https:\/\/strahlgraindryers.com\/pt-pt\/secadores\/serie-fr\/","og_locale":"pt_PT","og_type":"article","og_title":"S\u00e9rie FR - Strahl","og_description":"Os secadores FR s\u00e3o projetados e fabricados para lidar com processamento de m\u00e9dio e grande volume, unindo efici\u00eancia e sustentabilidade.","og_url":"https:\/\/strahlgraindryers.com\/pt-pt\/secadores\/serie-fr\/","og_site_name":"Strahl","article_publisher":"https:\/\/www.linkedin.com\/company\/strahl-srl\/","article_modified_time":"2025-07-14T11:42:36+00:00","og_image":[{"width":1920,"height":1281,"url":"https:\/\/strahlgraindryers.com\/wp-content\/uploads\/2023\/10\/grain_drayers_serie_fr.jpg","type":"image\/jpeg"}],"twitter_card":"summary_large_image","twitter_misc":{"Tempo estimado de leitura":"1 minuto"},"schema":{"@context":"https:\/\/schema.org","@graph":[{"@type":"WebPage","@id":"https:\/\/strahlgraindryers.com\/pt-pt\/secadores\/serie-fr\/","url":"https:\/\/strahlgraindryers.com\/pt-pt\/secadores\/serie-fr\/","name":"S\u00e9rie FR - Strahl","isPartOf":{"@id":"https:\/\/strahlgraindryers.com\/pt-pt\/#website"},"primaryImageOfPage":{"@id":"https:\/\/strahlgraindryers.com\/pt-pt\/secadores\/serie-fr\/#primaryimage"},"image":{"@id":"https:\/\/strahlgraindryers.com\/pt-pt\/secadores\/serie-fr\/#primaryimage"},"thumbnailUrl":"https:\/\/strahlgraindryers.com\/wp-content\/uploads\/2023\/10\/grain_drayers_serie_fr.jpg","datePublished":"2023-10-26T10:49:01+00:00","dateModified":"2025-07-14T11:42:36+00:00","description":"Os secadores FR s\u00e3o projetados e fabricados para lidar com processamento de m\u00e9dio e grande volume, unindo efici\u00eancia e sustentabilidade.","breadcrumb":{"@id":"https:\/\/strahlgraindryers.com\/pt-pt\/secadores\/serie-fr\/#breadcrumb"},"inLanguage":"pt-PT","potentialAction":[{"@type":"ReadAction","target":["https:\/\/strahlgraindryers.com\/pt-pt\/secadores\/serie-fr\/"]}]},{"@type":"ImageObject","inLanguage":"pt-PT","@id":"https:\/\/strahlgraindryers.com\/pt-pt\/secadores\/serie-fr\/#primaryimage","url":"https:\/\/strahlgraindryers.com\/wp-content\/uploads\/2023\/10\/grain_drayers_serie_fr.jpg","contentUrl":"https:\/\/strahlgraindryers.com\/wp-content\/uploads\/2023\/10\/grain_drayers_serie_fr.jpg","width":1920,"height":1281},{"@type":"BreadcrumbList","@id":"https:\/\/strahlgraindryers.com\/pt-pt\/secadores\/serie-fr\/#breadcrumb","itemListElement":[{"@type":"ListItem","position":1,"name":"Home","item":"https:\/\/strahlgraindryers.com\/pt-pt\/"},{"@type":"ListItem","position":2,"name":"S\u00e9rie FR"}]},{"@type":"WebSite","@id":"https:\/\/strahlgraindryers.com\/pt-pt\/#website","url":"https:\/\/strahlgraindryers.com\/pt-pt\/","name":"https:\/\/strahlgraindryers.com\/","description":"Grain Dryers","publisher":{"@id":"https:\/\/strahlgraindryers.com\/pt-pt\/#organization"},"potentialAction":[{"@type":"SearchAction","target":{"@type":"EntryPoint","urlTemplate":"https:\/\/strahlgraindryers.com\/pt-pt\/?s={search_term_string}"},"query-input":{"@type":"PropertyValueSpecification","valueRequired":true,"valueName":"search_term_string"}}],"inLanguage":"pt-PT"},{"@type":"Organization","@id":"https:\/\/strahlgraindryers.com\/pt-pt\/#organization","name":"Strahl","url":"https:\/\/strahlgraindryers.com\/pt-pt\/","logo":{"@type":"ImageObject","inLanguage":"pt-PT","@id":"https:\/\/strahlgraindryers.com\/pt-pt\/#\/schema\/logo\/image\/","url":"https:\/\/strahlgraindryers.com\/wp-content\/uploads\/2023\/11\/Strahl_logo.jpg","contentUrl":"https:\/\/strahlgraindryers.com\/wp-content\/uploads\/2023\/11\/Strahl_logo.jpg","width":640,"height":140,"caption":"Strahl"},"image":{"@id":"https:\/\/strahlgraindryers.com\/pt-pt\/#\/schema\/logo\/image\/"},"sameAs":["https:\/\/www.linkedin.com\/company\/strahl-srl\/"]}]}},"_links":{"self":[{"href":"https:\/\/strahlgraindryers.com\/pt-pt\/wp-json\/wp\/v2\/essiccatoio\/2827","targetHints":{"allow":["GET"]}}],"collection":[{"href":"https:\/\/strahlgraindryers.com\/pt-pt\/wp-json\/wp\/v2\/essiccatoio"}],"about":[{"href":"https:\/\/strahlgraindryers.com\/pt-pt\/wp-json\/wp\/v2\/types\/essiccatoio"}],"author":[{"embeddable":true,"href":"https:\/\/strahlgraindryers.com\/pt-pt\/wp-json\/wp\/v2\/users\/1"}],"wp:featuredmedia":[{"embeddable":true,"href":"https:\/\/strahlgraindryers.com\/pt-pt\/wp-json\/wp\/v2\/media\/2828"}],"wp:attachment":[{"href":"https:\/\/strahlgraindryers.com\/pt-pt\/wp-json\/wp\/v2\/media?parent=2827"}],"wp:term":[{"taxonomy":"category","embeddable":true,"href":"https:\/\/strahlgraindryers.com\/pt-pt\/wp-json\/wp\/v2\/categories?post=2827"}],"curies":[{"name":"wp","href":"https:\/\/api.w.org\/{rel}","templated":true}]}}

Série FR

<p>Os secadores FR são projetados e fabricados para lidar com processamento de médio e grande volume, unindo eficiência e sustentabilidade. Equipados com uma solução integrada de recuperaçao de calor que reduz as necessidades de energia, eles são incrivelmente duráveis e oferecem um ambiente de trabalho comfortável. Sistemas de inspeção de fácil acesso permiten uma manutenção simples e segura. O painel de controle de última geração permite ampla personalização de receitas de secagem, com uma soluçao integrada de recuperaçao de calor que reduz as necessidades de energia.</p>

<p>O design vanguardista dos secadores Strahl, para resultados sustentáveis y eficientes</p>

<!-- This site is optimized with the Yoast SEO plugin v27.3 - https://yoast.com/product/yoast-seo-wordpress/ -->
<title>Série FR - Strahl</title>
<meta name="description" content="Os secadores FR são projetados e fabricados para lidar com processamento de médio e grande volume, unindo eficiência e sustentabilidade." />
<meta name="robots" content="index, follow, max-snippet:-1, max-image-preview:large, max-video-preview:-1" />
<link rel="canonical" href="https://strahlgraindryers.com/pt-pt/secadores/serie-fr/" />
<meta property="og:locale" content="pt_PT" />
<meta property="og:type" content="article" />
<meta property="og:title" content="Série FR - Strahl" />
<meta property="og:description" content="Os secadores FR são projetados e fabricados para lidar com processamento de médio e grande volume, unindo eficiência e sustentabilidade." />
<meta property="og:url" content="https://strahlgraindryers.com/pt-pt/secadores/serie-fr/" />
<meta property="og:site_name" content="Strahl" />
<meta property="article:publisher" content="https://www.linkedin.com/company/strahl-srl/" />
<meta property="article:modified_time" content="2025-07-14T11:42:36+00:00" />
<meta property="og:image" content="https://strahlgraindryers.com/wp-content/uploads/2023/10/grain_drayers_serie_fr.jpg" />
	<meta property="og:image:width" content="1920" />
	<meta property="og:image:height" content="1281" />
	<meta property="og:image:type" content="image/jpeg" />
<meta name="twitter:card" content="summary_large_image" />
<meta name="twitter:label1" content="Tempo estimado de leitura" />
	<meta name="twitter:data1" content="1 minuto" />
<script type="application/ld+json" class="yoast-schema-graph">{"@context":"https:\/\/schema.org","@graph":[{"@type":"WebPage","@id":"https:\/\/strahlgraindryers.com\/pt-pt\/secadores\/serie-fr\/","url":"https:\/\/strahlgraindryers.com\/pt-pt\/secadores\/serie-fr\/","name":"Série FR - Strahl","isPartOf":{"@id":"https:\/\/strahlgraindryers.com\/pt-pt\/#website"},"primaryImageOfPage":{"@id":"https:\/\/strahlgraindryers.com\/pt-pt\/secadores\/serie-fr\/#primaryimage"},"image":{"@id":"https:\/\/strahlgraindryers.com\/pt-pt\/secadores\/serie-fr\/#primaryimage"},"thumbnailUrl":"https:\/\/strahlgraindryers.com\/wp-content\/uploads\/2023\/10\/grain_drayers_serie_fr.jpg","datePublished":"2023-10-26T10:49:01+00:00","dateModified":"2025-07-14T11:42:36+00:00","description":"Os secadores FR são projetados e fabricados para lidar com processamento de médio e grande volume, unindo eficiência e sustentabilidade.","breadcrumb":{"@id":"https:\/\/strahlgraindryers.com\/pt-pt\/secadores\/serie-fr\/#breadcrumb"},"inLanguage":"pt-PT","potentialAction":[{"@type":"ReadAction","target":["https:\/\/strahlgraindryers.com\/pt-pt\/secadores\/serie-fr\/"]}]},{"@type":"ImageObject","inLanguage":"pt-PT","@id":"https:\/\/strahlgraindryers.com\/pt-pt\/secadores\/serie-fr\/#primaryimage","url":"https:\/\/strahlgraindryers.com\/wp-content\/uploads\/2023\/10\/grain_drayers_serie_fr.jpg","contentUrl":"https:\/\/strahlgraindryers.com\/wp-content\/uploads\/2023\/10\/grain_drayers_serie_fr.jpg","width":1920,"height":1281},{"@type":"BreadcrumbList","@id":"https:\/\/strahlgraindryers.com\/pt-pt\/secadores\/serie-fr\/#breadcrumb","itemListElement":[{"@type":"ListItem","position":1,"name":"Home","item":"https:\/\/strahlgraindryers.com\/pt-pt\/"},{"@type":"ListItem","position":2,"name":"Série FR"}]},{"@type":"WebSite","@id":"https:\/\/strahlgraindryers.com\/pt-pt\/#website","url":"https:\/\/strahlgraindryers.com\/pt-pt\/","name":"https:\/\/strahlgraindryers.com\/","description":"Grain Dryers","publisher":{"@id":"https:\/\/strahlgraindryers.com\/pt-pt\/#organization"},"potentialAction":[{"@type":"SearchAction","target":{"@type":"EntryPoint","urlTemplate":"https:\/\/strahlgraindryers.com\/pt-pt\/?s={search_term_string}"},"query-input":{"@type":"PropertyValueSpecification","valueRequired":true,"valueName":"search_term_string"}}],"inLanguage":"pt-PT"},{"@type":"Organization","@id":"https:\/\/strahlgraindryers.com\/pt-pt\/#organization","name":"Strahl","url":"https:\/\/strahlgraindryers.com\/pt-pt\/","logo":{"@type":"ImageObject","inLanguage":"pt-PT","@id":"https:\/\/strahlgraindryers.com\/pt-pt\/#\/schema\/logo\/image\/","url":"https:\/\/strahlgraindryers.com\/wp-content\/uploads\/2023\/11\/Strahl_logo.jpg","contentUrl":"https:\/\/strahlgraindryers.com\/wp-content\/uploads\/2023\/11\/Strahl_logo.jpg","width":640,"height":140,"caption":"Strahl"},"image":{"@id":"https:\/\/strahlgraindryers.com\/pt-pt\/#\/schema\/logo\/image\/"},"sameAs":["https:\/\/www.linkedin.com\/company\/strahl-srl\/"]}]}</script>
<!-- / Yoast SEO plugin. -->

Série FR - Strahl

Os secadores FR são projetados e fabricados para lidar com processamento de médio e grande volume, unindo eficiência e sustentabilidade.
