{"id":2288,"date":"2023-10-23T16:06:38","date_gmt":"2023-10-23T14:06:38","guid":{"rendered":"https:\/\/strahlgraindryers.com\/essiccatoi-mobili\/"},"modified":"2025-07-04T12:15:07","modified_gmt":"2025-07-04T10:15:07","slug":"secadores-moviles","status":"publish","type":"page","link":"https:\/\/strahlgraindryers.com\/es\/secadores-moviles\/","title":{"rendered":"Secadores m\u00f3viles"},"content":{"rendered":"<p>Los secadores m\u00f3viles Strahl son m\u00e1quinas \u00e1giles y f\u00e1ciles de manejar, dise\u00f1adas con conocimientos y experiencia para ofrecer una combinaci\u00f3n de rendimiento y portabilidad. Especialmente vers\u00e1tiles y adecuados para ciclos de producci\u00f3n y situaciones muy variadas, son ideales para granjas, contratistas y para aquellos que buscan un producto que requiera autorizaci\u00f3n limitada o sin autorizaci\u00f3n para su uso y posicionamiento.<\/p>\n","protected":false},"excerpt":{"rendered":"<p>Los secadores m\u00f3viles Strahl son m\u00e1quinas \u00e1giles y f\u00e1ciles de manejar, dise\u00f1adas con conocimientos y experiencia para ofrecer una combinaci\u00f3n de rendimiento y portabilidad. Especialmente vers\u00e1tiles y adecuados para ciclos de producci\u00f3n y situaciones muy variadas, son ideales para granjas, contratistas y para aquellos que buscan un producto que requiera autorizaci\u00f3n limitada o sin autorizaci\u00f3n [&hellip;]<\/p>\n","protected":false},"author":1,"featured_media":2290,"parent":0,"menu_order":0,"comment_status":"closed","ping_status":"closed","template":"template-page\/page-essiccatoi.php","meta":{"_acf_changed":false,"footnotes":""},"class_list":["post-2288","page","type-page","status-publish","has-post-thumbnail","hentry"],"acf":[],"yoast_head":"<!-- This site is optimized with the Yoast SEO plugin v27.3 - https:\/\/yoast.com\/product\/yoast-seo-wordpress\/ -->\n<title>Secadores m\u00f3viles - Strahl<\/title>\n<meta name=\"description\" content=\"Los secadores m\u00f3viles son especialmente \u00e1giles, adaptandose a cualquier situaci\u00f3n y a todo tipo de cereales\" \/>\n<meta name=\"robots\" content=\"index, follow, max-snippet:-1, max-image-preview:large, max-video-preview:-1\" \/>\n<link rel=\"canonical\" href=\"https:\/\/strahlgraindryers.com\/es\/secadores-moviles\/\" \/>\n<meta property=\"og:locale\" content=\"es_ES\" \/>\n<meta property=\"og:type\" content=\"article\" \/>\n<meta property=\"og:title\" content=\"Secadores m\u00f3viles - Strahl\" \/>\n<meta property=\"og:description\" content=\"Los secadores m\u00f3viles son especialmente \u00e1giles, adaptandose a cualquier situaci\u00f3n y a todo tipo de cereales\" \/>\n<meta property=\"og:url\" content=\"https:\/\/strahlgraindryers.com\/es\/secadores-moviles\/\" \/>\n<meta property=\"og:site_name\" content=\"Strahl\" \/>\n<meta property=\"article:publisher\" content=\"https:\/\/www.linkedin.com\/company\/strahl-srl\/\" \/>\n<meta property=\"article:modified_time\" content=\"2025-07-04T10:15:07+00:00\" \/>\n<meta property=\"og:image\" content=\"https:\/\/strahlgraindryers.com\/wp-content\/uploads\/2024\/07\/biodry_1150_new.jpg\" \/>\n\t<meta property=\"og:image:width\" content=\"1024\" \/>\n\t<meta property=\"og:image:height\" content=\"1024\" \/>\n\t<meta property=\"og:image:type\" content=\"image\/jpeg\" \/>\n<meta name=\"twitter:card\" content=\"summary_large_image\" \/>\n<meta name=\"twitter:label1\" content=\"Tiempo de lectura\" \/>\n\t<meta name=\"twitter:data1\" content=\"1 minuto\" \/>\n<script type=\"application\/ld+json\" class=\"yoast-schema-graph\">{\"@context\":\"https:\\\/\\\/schema.org\",\"@graph\":[{\"@type\":\"WebPage\",\"@id\":\"https:\\\/\\\/strahlgraindryers.com\\\/es\\\/secadores-moviles\\\/\",\"url\":\"https:\\\/\\\/strahlgraindryers.com\\\/es\\\/secadores-moviles\\\/\",\"name\":\"Secadores m\u00f3viles - Strahl\",\"isPartOf\":{\"@id\":\"https:\\\/\\\/strahlgraindryers.com\\\/es\\\/#website\"},\"primaryImageOfPage\":{\"@id\":\"https:\\\/\\\/strahlgraindryers.com\\\/es\\\/secadores-moviles\\\/#primaryimage\"},\"image\":{\"@id\":\"https:\\\/\\\/strahlgraindryers.com\\\/es\\\/secadores-moviles\\\/#primaryimage\"},\"thumbnailUrl\":\"https:\\\/\\\/strahlgraindryers.com\\\/wp-content\\\/uploads\\\/2024\\\/07\\\/biodry_1150_new.jpg\",\"datePublished\":\"2023-10-23T14:06:38+00:00\",\"dateModified\":\"2025-07-04T10:15:07+00:00\",\"description\":\"Los secadores m\u00f3viles son especialmente \u00e1giles, adaptandose a cualquier situaci\u00f3n y a todo tipo de cereales\",\"breadcrumb\":{\"@id\":\"https:\\\/\\\/strahlgraindryers.com\\\/es\\\/secadores-moviles\\\/#breadcrumb\"},\"inLanguage\":\"es\",\"potentialAction\":[{\"@type\":\"ReadAction\",\"target\":[\"https:\\\/\\\/strahlgraindryers.com\\\/es\\\/secadores-moviles\\\/\"]}]},{\"@type\":\"ImageObject\",\"inLanguage\":\"es\",\"@id\":\"https:\\\/\\\/strahlgraindryers.com\\\/es\\\/secadores-moviles\\\/#primaryimage\",\"url\":\"https:\\\/\\\/strahlgraindryers.com\\\/wp-content\\\/uploads\\\/2024\\\/07\\\/biodry_1150_new.jpg\",\"contentUrl\":\"https:\\\/\\\/strahlgraindryers.com\\\/wp-content\\\/uploads\\\/2024\\\/07\\\/biodry_1150_new.jpg\",\"width\":1024,\"height\":1024},{\"@type\":\"BreadcrumbList\",\"@id\":\"https:\\\/\\\/strahlgraindryers.com\\\/es\\\/secadores-moviles\\\/#breadcrumb\",\"itemListElement\":[{\"@type\":\"ListItem\",\"position\":1,\"name\":\"Home\",\"item\":\"https:\\\/\\\/strahlgraindryers.com\\\/es\\\/\"},{\"@type\":\"ListItem\",\"position\":2,\"name\":\"Secadores m\u00f3viles\"}]},{\"@type\":\"WebSite\",\"@id\":\"https:\\\/\\\/strahlgraindryers.com\\\/es\\\/#website\",\"url\":\"https:\\\/\\\/strahlgraindryers.com\\\/es\\\/\",\"name\":\"https:\\\/\\\/strahlgraindryers.com\\\/\",\"description\":\"Grain Dryers\",\"publisher\":{\"@id\":\"https:\\\/\\\/strahlgraindryers.com\\\/es\\\/#organization\"},\"potentialAction\":[{\"@type\":\"SearchAction\",\"target\":{\"@type\":\"EntryPoint\",\"urlTemplate\":\"https:\\\/\\\/strahlgraindryers.com\\\/es\\\/?s={search_term_string}\"},\"query-input\":{\"@type\":\"PropertyValueSpecification\",\"valueRequired\":true,\"valueName\":\"search_term_string\"}}],\"inLanguage\":\"es\"},{\"@type\":\"Organization\",\"@id\":\"https:\\\/\\\/strahlgraindryers.com\\\/es\\\/#organization\",\"name\":\"Strahl\",\"url\":\"https:\\\/\\\/strahlgraindryers.com\\\/es\\\/\",\"logo\":{\"@type\":\"ImageObject\",\"inLanguage\":\"es\",\"@id\":\"https:\\\/\\\/strahlgraindryers.com\\\/es\\\/#\\\/schema\\\/logo\\\/image\\\/\",\"url\":\"https:\\\/\\\/strahlgraindryers.com\\\/wp-content\\\/uploads\\\/2023\\\/11\\\/Strahl_logo.jpg\",\"contentUrl\":\"https:\\\/\\\/strahlgraindryers.com\\\/wp-content\\\/uploads\\\/2023\\\/11\\\/Strahl_logo.jpg\",\"width\":640,\"height\":140,\"caption\":\"Strahl\"},\"image\":{\"@id\":\"https:\\\/\\\/strahlgraindryers.com\\\/es\\\/#\\\/schema\\\/logo\\\/image\\\/\"},\"sameAs\":[\"https:\\\/\\\/www.linkedin.com\\\/company\\\/strahl-srl\\\/\"]}]}<\/script>\n<!-- \/ Yoast SEO plugin. -->","yoast_head_json":{"title":"Secadores m\u00f3viles - Strahl","description":"Los secadores m\u00f3viles son especialmente \u00e1giles, adaptandose a cualquier situaci\u00f3n y a todo tipo de cereales","robots":{"index":"index","follow":"follow","max-snippet":"max-snippet:-1","max-image-preview":"max-image-preview:large","max-video-preview":"max-video-preview:-1"},"canonical":"https:\/\/strahlgraindryers.com\/es\/secadores-moviles\/","og_locale":"es_ES","og_type":"article","og_title":"Secadores m\u00f3viles - Strahl","og_description":"Los secadores m\u00f3viles son especialmente \u00e1giles, adaptandose a cualquier situaci\u00f3n y a todo tipo de cereales","og_url":"https:\/\/strahlgraindryers.com\/es\/secadores-moviles\/","og_site_name":"Strahl","article_publisher":"https:\/\/www.linkedin.com\/company\/strahl-srl\/","article_modified_time":"2025-07-04T10:15:07+00:00","og_image":[{"width":1024,"height":1024,"url":"https:\/\/strahlgraindryers.com\/wp-content\/uploads\/2024\/07\/biodry_1150_new.jpg","type":"image\/jpeg"}],"twitter_card":"summary_large_image","twitter_misc":{"Tiempo de lectura":"1 minuto"},"schema":{"@context":"https:\/\/schema.org","@graph":[{"@type":"WebPage","@id":"https:\/\/strahlgraindryers.com\/es\/secadores-moviles\/","url":"https:\/\/strahlgraindryers.com\/es\/secadores-moviles\/","name":"Secadores m\u00f3viles - Strahl","isPartOf":{"@id":"https:\/\/strahlgraindryers.com\/es\/#website"},"primaryImageOfPage":{"@id":"https:\/\/strahlgraindryers.com\/es\/secadores-moviles\/#primaryimage"},"image":{"@id":"https:\/\/strahlgraindryers.com\/es\/secadores-moviles\/#primaryimage"},"thumbnailUrl":"https:\/\/strahlgraindryers.com\/wp-content\/uploads\/2024\/07\/biodry_1150_new.jpg","datePublished":"2023-10-23T14:06:38+00:00","dateModified":"2025-07-04T10:15:07+00:00","description":"Los secadores m\u00f3viles son especialmente \u00e1giles, adaptandose a cualquier situaci\u00f3n y a todo tipo de cereales","breadcrumb":{"@id":"https:\/\/strahlgraindryers.com\/es\/secadores-moviles\/#breadcrumb"},"inLanguage":"es","potentialAction":[{"@type":"ReadAction","target":["https:\/\/strahlgraindryers.com\/es\/secadores-moviles\/"]}]},{"@type":"ImageObject","inLanguage":"es","@id":"https:\/\/strahlgraindryers.com\/es\/secadores-moviles\/#primaryimage","url":"https:\/\/strahlgraindryers.com\/wp-content\/uploads\/2024\/07\/biodry_1150_new.jpg","contentUrl":"https:\/\/strahlgraindryers.com\/wp-content\/uploads\/2024\/07\/biodry_1150_new.jpg","width":1024,"height":1024},{"@type":"BreadcrumbList","@id":"https:\/\/strahlgraindryers.com\/es\/secadores-moviles\/#breadcrumb","itemListElement":[{"@type":"ListItem","position":1,"name":"Home","item":"https:\/\/strahlgraindryers.com\/es\/"},{"@type":"ListItem","position":2,"name":"Secadores m\u00f3viles"}]},{"@type":"WebSite","@id":"https:\/\/strahlgraindryers.com\/es\/#website","url":"https:\/\/strahlgraindryers.com\/es\/","name":"https:\/\/strahlgraindryers.com\/","description":"Grain Dryers","publisher":{"@id":"https:\/\/strahlgraindryers.com\/es\/#organization"},"potentialAction":[{"@type":"SearchAction","target":{"@type":"EntryPoint","urlTemplate":"https:\/\/strahlgraindryers.com\/es\/?s={search_term_string}"},"query-input":{"@type":"PropertyValueSpecification","valueRequired":true,"valueName":"search_term_string"}}],"inLanguage":"es"},{"@type":"Organization","@id":"https:\/\/strahlgraindryers.com\/es\/#organization","name":"Strahl","url":"https:\/\/strahlgraindryers.com\/es\/","logo":{"@type":"ImageObject","inLanguage":"es","@id":"https:\/\/strahlgraindryers.com\/es\/#\/schema\/logo\/image\/","url":"https:\/\/strahlgraindryers.com\/wp-content\/uploads\/2023\/11\/Strahl_logo.jpg","contentUrl":"https:\/\/strahlgraindryers.com\/wp-content\/uploads\/2023\/11\/Strahl_logo.jpg","width":640,"height":140,"caption":"Strahl"},"image":{"@id":"https:\/\/strahlgraindryers.com\/es\/#\/schema\/logo\/image\/"},"sameAs":["https:\/\/www.linkedin.com\/company\/strahl-srl\/"]}]}},"_links":{"self":[{"href":"https:\/\/strahlgraindryers.com\/es\/wp-json\/wp\/v2\/pages\/2288","targetHints":{"allow":["GET"]}}],"collection":[{"href":"https:\/\/strahlgraindryers.com\/es\/wp-json\/wp\/v2\/pages"}],"about":[{"href":"https:\/\/strahlgraindryers.com\/es\/wp-json\/wp\/v2\/types\/page"}],"author":[{"embeddable":true,"href":"https:\/\/strahlgraindryers.com\/es\/wp-json\/wp\/v2\/users\/1"}],"replies":[{"embeddable":true,"href":"https:\/\/strahlgraindryers.com\/es\/wp-json\/wp\/v2\/comments?post=2288"}],"version-history":[{"count":2,"href":"https:\/\/strahlgraindryers.com\/es\/wp-json\/wp\/v2\/pages\/2288\/revisions"}],"predecessor-version":[{"id":2300,"href":"https:\/\/strahlgraindryers.com\/es\/wp-json\/wp\/v2\/pages\/2288\/revisions\/2300"}],"wp:featuredmedia":[{"embeddable":true,"href":"https:\/\/strahlgraindryers.com\/es\/wp-json\/wp\/v2\/media\/2290"}],"wp:attachment":[{"href":"https:\/\/strahlgraindryers.com\/es\/wp-json\/wp\/v2\/media?parent=2288"}],"curies":[{"name":"wp","href":"https:\/\/api.w.org\/{rel}","templated":true}]}}

Secadores móviles

<p>Los secadores móviles Strahl son máquinas ágiles y fáciles de manejar, diseñadas con conocimientos y experiencia para ofrecer una combinación de rendimiento y portabilidad. Especialmente versátiles y adecuados para ciclos de producción y situaciones muy variadas, son ideales para granjas, contratistas y para aquellos que buscan un producto que requiera autorización limitada o sin autorización para su uso y posicionamiento.</p>

<p>Los secadores móviles Strahl son máquinas ágiles y fáciles de manejar, diseñadas con conocimientos y experiencia para ofrecer una combinación de rendimiento y portabilidad. Especialmente versátiles y adecuados para ciclos de producción y situaciones muy variadas, son ideales para granjas, contratistas y para aquellos que buscan un producto que requiera autorización limitada o sin autorización [&hellip;]</p>

<!-- This site is optimized with the Yoast SEO plugin v27.3 - https://yoast.com/product/yoast-seo-wordpress/ -->
<title>Secadores móviles - Strahl</title>
<meta name="description" content="Los secadores móviles son especialmente ágiles, adaptandose a cualquier situación y a todo tipo de cereales" />
<meta name="robots" content="index, follow, max-snippet:-1, max-image-preview:large, max-video-preview:-1" />
<link rel="canonical" href="https://strahlgraindryers.com/es/secadores-moviles/" />
<meta property="og:locale" content="es_ES" />
<meta property="og:type" content="article" />
<meta property="og:title" content="Secadores móviles - Strahl" />
<meta property="og:description" content="Los secadores móviles son especialmente ágiles, adaptandose a cualquier situación y a todo tipo de cereales" />
<meta property="og:url" content="https://strahlgraindryers.com/es/secadores-moviles/" />
<meta property="og:site_name" content="Strahl" />
<meta property="article:publisher" content="https://www.linkedin.com/company/strahl-srl/" />
<meta property="article:modified_time" content="2025-07-04T10:15:07+00:00" />
<meta property="og:image" content="https://strahlgraindryers.com/wp-content/uploads/2024/07/biodry_1150_new.jpg" />
	<meta property="og:image:width" content="1024" />
	<meta property="og:image:height" content="1024" />
	<meta property="og:image:type" content="image/jpeg" />
<meta name="twitter:card" content="summary_large_image" />
<meta name="twitter:label1" content="Tiempo de lectura" />
	<meta name="twitter:data1" content="1 minuto" />
<script type="application/ld+json" class="yoast-schema-graph">{"@context":"https:\/\/schema.org","@graph":[{"@type":"WebPage","@id":"https:\/\/strahlgraindryers.com\/es\/secadores-moviles\/","url":"https:\/\/strahlgraindryers.com\/es\/secadores-moviles\/","name":"Secadores móviles - Strahl","isPartOf":{"@id":"https:\/\/strahlgraindryers.com\/es\/#website"},"primaryImageOfPage":{"@id":"https:\/\/strahlgraindryers.com\/es\/secadores-moviles\/#primaryimage"},"image":{"@id":"https:\/\/strahlgraindryers.com\/es\/secadores-moviles\/#primaryimage"},"thumbnailUrl":"https:\/\/strahlgraindryers.com\/wp-content\/uploads\/2024\/07\/biodry_1150_new.jpg","datePublished":"2023-10-23T14:06:38+00:00","dateModified":"2025-07-04T10:15:07+00:00","description":"Los secadores móviles son especialmente ágiles, adaptandose a cualquier situación y a todo tipo de cereales","breadcrumb":{"@id":"https:\/\/strahlgraindryers.com\/es\/secadores-moviles\/#breadcrumb"},"inLanguage":"es","potentialAction":[{"@type":"ReadAction","target":["https:\/\/strahlgraindryers.com\/es\/secadores-moviles\/"]}]},{"@type":"ImageObject","inLanguage":"es","@id":"https:\/\/strahlgraindryers.com\/es\/secadores-moviles\/#primaryimage","url":"https:\/\/strahlgraindryers.com\/wp-content\/uploads\/2024\/07\/biodry_1150_new.jpg","contentUrl":"https:\/\/strahlgraindryers.com\/wp-content\/uploads\/2024\/07\/biodry_1150_new.jpg","width":1024,"height":1024},{"@type":"BreadcrumbList","@id":"https:\/\/strahlgraindryers.com\/es\/secadores-moviles\/#breadcrumb","itemListElement":[{"@type":"ListItem","position":1,"name":"Home","item":"https:\/\/strahlgraindryers.com\/es\/"},{"@type":"ListItem","position":2,"name":"Secadores móviles"}]},{"@type":"WebSite","@id":"https:\/\/strahlgraindryers.com\/es\/#website","url":"https:\/\/strahlgraindryers.com\/es\/","name":"https:\/\/strahlgraindryers.com\/","description":"Grain Dryers","publisher":{"@id":"https:\/\/strahlgraindryers.com\/es\/#organization"},"potentialAction":[{"@type":"SearchAction","target":{"@type":"EntryPoint","urlTemplate":"https:\/\/strahlgraindryers.com\/es\/?s={search_term_string}"},"query-input":{"@type":"PropertyValueSpecification","valueRequired":true,"valueName":"search_term_string"}}],"inLanguage":"es"},{"@type":"Organization","@id":"https:\/\/strahlgraindryers.com\/es\/#organization","name":"Strahl","url":"https:\/\/strahlgraindryers.com\/es\/","logo":{"@type":"ImageObject","inLanguage":"es","@id":"https:\/\/strahlgraindryers.com\/es\/#\/schema\/logo\/image\/","url":"https:\/\/strahlgraindryers.com\/wp-content\/uploads\/2023\/11\/Strahl_logo.jpg","contentUrl":"https:\/\/strahlgraindryers.com\/wp-content\/uploads\/2023\/11\/Strahl_logo.jpg","width":640,"height":140,"caption":"Strahl"},"image":{"@id":"https:\/\/strahlgraindryers.com\/es\/#\/schema\/logo\/image\/"},"sameAs":["https:\/\/www.linkedin.com\/company\/strahl-srl\/"]}]}</script>
<!-- / Yoast SEO plugin. -->

Secadores móviles - Strahl

Los secadores móviles son especialmente ágiles, adaptandose a cualquier situación y a todo tipo de cereales
