{"id":2411,"date":"2023-10-24T10:02:26","date_gmt":"2023-10-24T08:02:26","guid":{"rendered":"https:\/\/strahlgraindryers.com\/essiccatoio\/serie-ar\/"},"modified":"2025-07-04T13:39:19","modified_gmt":"2025-07-04T11:39:19","slug":"serie-ar","status":"publish","type":"essiccatoio","link":"https:\/\/strahlgraindryers.com\/es\/secadora\/serie-ar\/","title":{"rendered":"Serie AR"},"content":{"rendered":"<p>Dise\u00f1ados para peque\u00f1as cantidades o para una alta rotaci\u00f3n de productos, se trata de secadores de recirculaci\u00f3n, que permiten un secado especialmente suave y, por lo tanto, son adecuados para secar productos delicados como el arroz con cascara. En los secadores AR, una vez que la maquina se ha llenado por completo, el producto se recircula dentro del secador a trav\u00e9s de un elevador de cangilones. Esto significa que alterna entre la zona de secado y la zona de templado superior.<\/p>\n","protected":false},"excerpt":{"rendered":"<p>Secadores discontinuos adecuados para el secado de peque\u00f1as cantidades de diferentes producciones. Ideal para procesar arroz con c\u00e1scara, semillas y todos los productos que requieren un secado suave.<\/p>\n","protected":false},"author":1,"featured_media":2413,"template":"","meta":{"_acf_changed":false},"categories":[42],"class_list":["post-2411","essiccatoio","type-essiccatoio","status-publish","has-post-thumbnail","hentry","category-secadores-estacionarios"],"acf":[],"yoast_head":"<!-- This site is optimized with the Yoast SEO plugin v27.3 - https:\/\/yoast.com\/product\/yoast-seo-wordpress\/ -->\n<title>Serie AR - Strahl<\/title>\n<meta name=\"description\" content=\"Dise\u00f1ados para peque\u00f1as cantidades o para una alta rotaci\u00f3n de productos se trata de secadores de recirculaci\u00f3n que permiten un secado especialmente suave\" \/>\n<meta name=\"robots\" content=\"index, follow, max-snippet:-1, max-image-preview:large, max-video-preview:-1\" \/>\n<link rel=\"canonical\" href=\"https:\/\/strahlgraindryers.com\/es\/secadora\/serie-ar\/\" \/>\n<meta property=\"og:locale\" content=\"es_ES\" \/>\n<meta property=\"og:type\" content=\"article\" \/>\n<meta property=\"og:title\" content=\"Serie AR - Strahl\" \/>\n<meta property=\"og:description\" content=\"Dise\u00f1ados para peque\u00f1as cantidades o para una alta rotaci\u00f3n de productos se trata de secadores de recirculaci\u00f3n que permiten un secado especialmente suave\" \/>\n<meta property=\"og:url\" content=\"https:\/\/strahlgraindryers.com\/es\/secadora\/serie-ar\/\" \/>\n<meta property=\"og:site_name\" content=\"Strahl\" \/>\n<meta property=\"article:publisher\" content=\"https:\/\/www.linkedin.com\/company\/strahl-srl\/\" \/>\n<meta property=\"article:modified_time\" content=\"2025-07-04T11:39:19+00:00\" \/>\n<meta property=\"og:image\" content=\"https:\/\/strahlgraindryers.com\/wp-content\/uploads\/2023\/10\/Strahl__580.jpg\" \/>\n\t<meta property=\"og:image:width\" content=\"1920\" \/>\n\t<meta property=\"og:image:height\" content=\"1080\" \/>\n\t<meta property=\"og:image:type\" content=\"image\/jpeg\" \/>\n<meta name=\"twitter:card\" content=\"summary_large_image\" \/>\n<meta name=\"twitter:label1\" content=\"Tiempo de lectura\" \/>\n\t<meta name=\"twitter:data1\" content=\"1 minuto\" \/>\n<script type=\"application\/ld+json\" class=\"yoast-schema-graph\">{\"@context\":\"https:\\\/\\\/schema.org\",\"@graph\":[{\"@type\":\"WebPage\",\"@id\":\"https:\\\/\\\/strahlgraindryers.com\\\/es\\\/secadora\\\/serie-ar\\\/\",\"url\":\"https:\\\/\\\/strahlgraindryers.com\\\/es\\\/secadora\\\/serie-ar\\\/\",\"name\":\"Serie AR - Strahl\",\"isPartOf\":{\"@id\":\"https:\\\/\\\/strahlgraindryers.com\\\/es\\\/#website\"},\"primaryImageOfPage\":{\"@id\":\"https:\\\/\\\/strahlgraindryers.com\\\/es\\\/secadora\\\/serie-ar\\\/#primaryimage\"},\"image\":{\"@id\":\"https:\\\/\\\/strahlgraindryers.com\\\/es\\\/secadora\\\/serie-ar\\\/#primaryimage\"},\"thumbnailUrl\":\"https:\\\/\\\/strahlgraindryers.com\\\/wp-content\\\/uploads\\\/2023\\\/10\\\/Strahl__580.jpg\",\"datePublished\":\"2023-10-24T08:02:26+00:00\",\"dateModified\":\"2025-07-04T11:39:19+00:00\",\"description\":\"Dise\u00f1ados para peque\u00f1as cantidades o para una alta rotaci\u00f3n de productos se trata de secadores de recirculaci\u00f3n que permiten un secado especialmente suave\",\"breadcrumb\":{\"@id\":\"https:\\\/\\\/strahlgraindryers.com\\\/es\\\/secadora\\\/serie-ar\\\/#breadcrumb\"},\"inLanguage\":\"es\",\"potentialAction\":[{\"@type\":\"ReadAction\",\"target\":[\"https:\\\/\\\/strahlgraindryers.com\\\/es\\\/secadora\\\/serie-ar\\\/\"]}]},{\"@type\":\"ImageObject\",\"inLanguage\":\"es\",\"@id\":\"https:\\\/\\\/strahlgraindryers.com\\\/es\\\/secadora\\\/serie-ar\\\/#primaryimage\",\"url\":\"https:\\\/\\\/strahlgraindryers.com\\\/wp-content\\\/uploads\\\/2023\\\/10\\\/Strahl__580.jpg\",\"contentUrl\":\"https:\\\/\\\/strahlgraindryers.com\\\/wp-content\\\/uploads\\\/2023\\\/10\\\/Strahl__580.jpg\",\"width\":1920,\"height\":1080},{\"@type\":\"BreadcrumbList\",\"@id\":\"https:\\\/\\\/strahlgraindryers.com\\\/es\\\/secadora\\\/serie-ar\\\/#breadcrumb\",\"itemListElement\":[{\"@type\":\"ListItem\",\"position\":1,\"name\":\"Home\",\"item\":\"https:\\\/\\\/strahlgraindryers.com\\\/es\\\/\"},{\"@type\":\"ListItem\",\"position\":2,\"name\":\"Serie AR\"}]},{\"@type\":\"WebSite\",\"@id\":\"https:\\\/\\\/strahlgraindryers.com\\\/es\\\/#website\",\"url\":\"https:\\\/\\\/strahlgraindryers.com\\\/es\\\/\",\"name\":\"https:\\\/\\\/strahlgraindryers.com\\\/\",\"description\":\"Grain Dryers\",\"publisher\":{\"@id\":\"https:\\\/\\\/strahlgraindryers.com\\\/es\\\/#organization\"},\"potentialAction\":[{\"@type\":\"SearchAction\",\"target\":{\"@type\":\"EntryPoint\",\"urlTemplate\":\"https:\\\/\\\/strahlgraindryers.com\\\/es\\\/?s={search_term_string}\"},\"query-input\":{\"@type\":\"PropertyValueSpecification\",\"valueRequired\":true,\"valueName\":\"search_term_string\"}}],\"inLanguage\":\"es\"},{\"@type\":\"Organization\",\"@id\":\"https:\\\/\\\/strahlgraindryers.com\\\/es\\\/#organization\",\"name\":\"Strahl\",\"url\":\"https:\\\/\\\/strahlgraindryers.com\\\/es\\\/\",\"logo\":{\"@type\":\"ImageObject\",\"inLanguage\":\"es\",\"@id\":\"https:\\\/\\\/strahlgraindryers.com\\\/es\\\/#\\\/schema\\\/logo\\\/image\\\/\",\"url\":\"https:\\\/\\\/strahlgraindryers.com\\\/wp-content\\\/uploads\\\/2023\\\/11\\\/Strahl_logo.jpg\",\"contentUrl\":\"https:\\\/\\\/strahlgraindryers.com\\\/wp-content\\\/uploads\\\/2023\\\/11\\\/Strahl_logo.jpg\",\"width\":640,\"height\":140,\"caption\":\"Strahl\"},\"image\":{\"@id\":\"https:\\\/\\\/strahlgraindryers.com\\\/es\\\/#\\\/schema\\\/logo\\\/image\\\/\"},\"sameAs\":[\"https:\\\/\\\/www.linkedin.com\\\/company\\\/strahl-srl\\\/\"]}]}<\/script>\n<!-- \/ Yoast SEO plugin. -->","yoast_head_json":{"title":"Serie AR - Strahl","description":"Dise\u00f1ados para peque\u00f1as cantidades o para una alta rotaci\u00f3n de productos se trata de secadores de recirculaci\u00f3n que permiten un secado especialmente suave","robots":{"index":"index","follow":"follow","max-snippet":"max-snippet:-1","max-image-preview":"max-image-preview:large","max-video-preview":"max-video-preview:-1"},"canonical":"https:\/\/strahlgraindryers.com\/es\/secadora\/serie-ar\/","og_locale":"es_ES","og_type":"article","og_title":"Serie AR - Strahl","og_description":"Dise\u00f1ados para peque\u00f1as cantidades o para una alta rotaci\u00f3n de productos se trata de secadores de recirculaci\u00f3n que permiten un secado especialmente suave","og_url":"https:\/\/strahlgraindryers.com\/es\/secadora\/serie-ar\/","og_site_name":"Strahl","article_publisher":"https:\/\/www.linkedin.com\/company\/strahl-srl\/","article_modified_time":"2025-07-04T11:39:19+00:00","og_image":[{"width":1920,"height":1080,"url":"https:\/\/strahlgraindryers.com\/wp-content\/uploads\/2023\/10\/Strahl__580.jpg","type":"image\/jpeg"}],"twitter_card":"summary_large_image","twitter_misc":{"Tiempo de lectura":"1 minuto"},"schema":{"@context":"https:\/\/schema.org","@graph":[{"@type":"WebPage","@id":"https:\/\/strahlgraindryers.com\/es\/secadora\/serie-ar\/","url":"https:\/\/strahlgraindryers.com\/es\/secadora\/serie-ar\/","name":"Serie AR - Strahl","isPartOf":{"@id":"https:\/\/strahlgraindryers.com\/es\/#website"},"primaryImageOfPage":{"@id":"https:\/\/strahlgraindryers.com\/es\/secadora\/serie-ar\/#primaryimage"},"image":{"@id":"https:\/\/strahlgraindryers.com\/es\/secadora\/serie-ar\/#primaryimage"},"thumbnailUrl":"https:\/\/strahlgraindryers.com\/wp-content\/uploads\/2023\/10\/Strahl__580.jpg","datePublished":"2023-10-24T08:02:26+00:00","dateModified":"2025-07-04T11:39:19+00:00","description":"Dise\u00f1ados para peque\u00f1as cantidades o para una alta rotaci\u00f3n de productos se trata de secadores de recirculaci\u00f3n que permiten un secado especialmente suave","breadcrumb":{"@id":"https:\/\/strahlgraindryers.com\/es\/secadora\/serie-ar\/#breadcrumb"},"inLanguage":"es","potentialAction":[{"@type":"ReadAction","target":["https:\/\/strahlgraindryers.com\/es\/secadora\/serie-ar\/"]}]},{"@type":"ImageObject","inLanguage":"es","@id":"https:\/\/strahlgraindryers.com\/es\/secadora\/serie-ar\/#primaryimage","url":"https:\/\/strahlgraindryers.com\/wp-content\/uploads\/2023\/10\/Strahl__580.jpg","contentUrl":"https:\/\/strahlgraindryers.com\/wp-content\/uploads\/2023\/10\/Strahl__580.jpg","width":1920,"height":1080},{"@type":"BreadcrumbList","@id":"https:\/\/strahlgraindryers.com\/es\/secadora\/serie-ar\/#breadcrumb","itemListElement":[{"@type":"ListItem","position":1,"name":"Home","item":"https:\/\/strahlgraindryers.com\/es\/"},{"@type":"ListItem","position":2,"name":"Serie AR"}]},{"@type":"WebSite","@id":"https:\/\/strahlgraindryers.com\/es\/#website","url":"https:\/\/strahlgraindryers.com\/es\/","name":"https:\/\/strahlgraindryers.com\/","description":"Grain Dryers","publisher":{"@id":"https:\/\/strahlgraindryers.com\/es\/#organization"},"potentialAction":[{"@type":"SearchAction","target":{"@type":"EntryPoint","urlTemplate":"https:\/\/strahlgraindryers.com\/es\/?s={search_term_string}"},"query-input":{"@type":"PropertyValueSpecification","valueRequired":true,"valueName":"search_term_string"}}],"inLanguage":"es"},{"@type":"Organization","@id":"https:\/\/strahlgraindryers.com\/es\/#organization","name":"Strahl","url":"https:\/\/strahlgraindryers.com\/es\/","logo":{"@type":"ImageObject","inLanguage":"es","@id":"https:\/\/strahlgraindryers.com\/es\/#\/schema\/logo\/image\/","url":"https:\/\/strahlgraindryers.com\/wp-content\/uploads\/2023\/11\/Strahl_logo.jpg","contentUrl":"https:\/\/strahlgraindryers.com\/wp-content\/uploads\/2023\/11\/Strahl_logo.jpg","width":640,"height":140,"caption":"Strahl"},"image":{"@id":"https:\/\/strahlgraindryers.com\/es\/#\/schema\/logo\/image\/"},"sameAs":["https:\/\/www.linkedin.com\/company\/strahl-srl\/"]}]}},"_links":{"self":[{"href":"https:\/\/strahlgraindryers.com\/es\/wp-json\/wp\/v2\/essiccatoio\/2411","targetHints":{"allow":["GET"]}}],"collection":[{"href":"https:\/\/strahlgraindryers.com\/es\/wp-json\/wp\/v2\/essiccatoio"}],"about":[{"href":"https:\/\/strahlgraindryers.com\/es\/wp-json\/wp\/v2\/types\/essiccatoio"}],"author":[{"embeddable":true,"href":"https:\/\/strahlgraindryers.com\/es\/wp-json\/wp\/v2\/users\/1"}],"wp:featuredmedia":[{"embeddable":true,"href":"https:\/\/strahlgraindryers.com\/es\/wp-json\/wp\/v2\/media\/2413"}],"wp:attachment":[{"href":"https:\/\/strahlgraindryers.com\/es\/wp-json\/wp\/v2\/media?parent=2411"}],"wp:term":[{"taxonomy":"category","embeddable":true,"href":"https:\/\/strahlgraindryers.com\/es\/wp-json\/wp\/v2\/categories?post=2411"}],"curies":[{"name":"wp","href":"https:\/\/api.w.org\/{rel}","templated":true}]}}

<p>Diseñados para pequeñas cantidades o para una alta rotación de productos, se trata de secadores de recirculación, que permiten un secado especialmente suave y, por lo tanto, son adecuados para secar productos delicados como el arroz con cascara. En los secadores AR, una vez que la maquina se ha llenado por completo, el producto se recircula dentro del secador a través de un elevador de cangilones. Esto significa que alterna entre la zona de secado y la zona de templado superior.</p>

<p>Secadores discontinuos adecuados para el secado de pequeñas cantidades de diferentes producciones. Ideal para procesar arroz con cáscara, semillas y todos los productos que requieren un secado suave.</p>

<!-- This site is optimized with the Yoast SEO plugin v27.3 - https://yoast.com/product/yoast-seo-wordpress/ -->
<title>Serie AR - Strahl</title>
<meta name="description" content="Diseñados para pequeñas cantidades o para una alta rotación de productos se trata de secadores de recirculación que permiten un secado especialmente suave" />
<meta name="robots" content="index, follow, max-snippet:-1, max-image-preview:large, max-video-preview:-1" />
<link rel="canonical" href="https://strahlgraindryers.com/es/secadora/serie-ar/" />
<meta property="og:locale" content="es_ES" />
<meta property="og:type" content="article" />
<meta property="og:title" content="Serie AR - Strahl" />
<meta property="og:description" content="Diseñados para pequeñas cantidades o para una alta rotación de productos se trata de secadores de recirculación que permiten un secado especialmente suave" />
<meta property="og:url" content="https://strahlgraindryers.com/es/secadora/serie-ar/" />
<meta property="og:site_name" content="Strahl" />
<meta property="article:publisher" content="https://www.linkedin.com/company/strahl-srl/" />
<meta property="article:modified_time" content="2025-07-04T11:39:19+00:00" />
<meta property="og:image" content="https://strahlgraindryers.com/wp-content/uploads/2023/10/Strahl__580.jpg" />
	<meta property="og:image:width" content="1920" />
	<meta property="og:image:height" content="1080" />
	<meta property="og:image:type" content="image/jpeg" />
<meta name="twitter:card" content="summary_large_image" />
<meta name="twitter:label1" content="Tiempo de lectura" />
	<meta name="twitter:data1" content="1 minuto" />
<script type="application/ld+json" class="yoast-schema-graph">{"@context":"https:\/\/schema.org","@graph":[{"@type":"WebPage","@id":"https:\/\/strahlgraindryers.com\/es\/secadora\/serie-ar\/","url":"https:\/\/strahlgraindryers.com\/es\/secadora\/serie-ar\/","name":"Serie AR - Strahl","isPartOf":{"@id":"https:\/\/strahlgraindryers.com\/es\/#website"},"primaryImageOfPage":{"@id":"https:\/\/strahlgraindryers.com\/es\/secadora\/serie-ar\/#primaryimage"},"image":{"@id":"https:\/\/strahlgraindryers.com\/es\/secadora\/serie-ar\/#primaryimage"},"thumbnailUrl":"https:\/\/strahlgraindryers.com\/wp-content\/uploads\/2023\/10\/Strahl__580.jpg","datePublished":"2023-10-24T08:02:26+00:00","dateModified":"2025-07-04T11:39:19+00:00","description":"Diseñados para pequeñas cantidades o para una alta rotación de productos se trata de secadores de recirculación que permiten un secado especialmente suave","breadcrumb":{"@id":"https:\/\/strahlgraindryers.com\/es\/secadora\/serie-ar\/#breadcrumb"},"inLanguage":"es","potentialAction":[{"@type":"ReadAction","target":["https:\/\/strahlgraindryers.com\/es\/secadora\/serie-ar\/"]}]},{"@type":"ImageObject","inLanguage":"es","@id":"https:\/\/strahlgraindryers.com\/es\/secadora\/serie-ar\/#primaryimage","url":"https:\/\/strahlgraindryers.com\/wp-content\/uploads\/2023\/10\/Strahl__580.jpg","contentUrl":"https:\/\/strahlgraindryers.com\/wp-content\/uploads\/2023\/10\/Strahl__580.jpg","width":1920,"height":1080},{"@type":"BreadcrumbList","@id":"https:\/\/strahlgraindryers.com\/es\/secadora\/serie-ar\/#breadcrumb","itemListElement":[{"@type":"ListItem","position":1,"name":"Home","item":"https:\/\/strahlgraindryers.com\/es\/"},{"@type":"ListItem","position":2,"name":"Serie AR"}]},{"@type":"WebSite","@id":"https:\/\/strahlgraindryers.com\/es\/#website","url":"https:\/\/strahlgraindryers.com\/es\/","name":"https:\/\/strahlgraindryers.com\/","description":"Grain Dryers","publisher":{"@id":"https:\/\/strahlgraindryers.com\/es\/#organization"},"potentialAction":[{"@type":"SearchAction","target":{"@type":"EntryPoint","urlTemplate":"https:\/\/strahlgraindryers.com\/es\/?s={search_term_string}"},"query-input":{"@type":"PropertyValueSpecification","valueRequired":true,"valueName":"search_term_string"}}],"inLanguage":"es"},{"@type":"Organization","@id":"https:\/\/strahlgraindryers.com\/es\/#organization","name":"Strahl","url":"https:\/\/strahlgraindryers.com\/es\/","logo":{"@type":"ImageObject","inLanguage":"es","@id":"https:\/\/strahlgraindryers.com\/es\/#\/schema\/logo\/image\/","url":"https:\/\/strahlgraindryers.com\/wp-content\/uploads\/2023\/11\/Strahl_logo.jpg","contentUrl":"https:\/\/strahlgraindryers.com\/wp-content\/uploads\/2023\/11\/Strahl_logo.jpg","width":640,"height":140,"caption":"Strahl"},"image":{"@id":"https:\/\/strahlgraindryers.com\/es\/#\/schema\/logo\/image\/"},"sameAs":["https:\/\/www.linkedin.com\/company\/strahl-srl\/"]}]}</script>
<!-- / Yoast SEO plugin. -->

Diseñados para pequeñas cantidades o para una alta rotación de productos se trata de secadores de recirculación que permiten un secado especialmente suave
