{"id":2398,"date":"2023-10-25T17:19:26","date_gmt":"2023-10-25T15:19:26","guid":{"rendered":"https:\/\/strahlgraindryers.com\/essiccatoio\/serie-fb\/"},"modified":"2025-07-04T13:30:37","modified_gmt":"2025-07-04T11:30:37","slug":"serie-fb","status":"publish","type":"essiccatoio","link":"https:\/\/strahlgraindryers.com\/es\/secadora\/serie-fb\/","title":{"rendered":"Serie FB"},"content":{"rendered":"<p>La serie FB es una concentraci\u00f3n de tecnolog\u00eda y eficiencia dise\u00f1ada para manejar peque\u00f1os volumenes de productos de flujo continuo, ofrecen una eficiencia extraordinaria en las operaciones mec\u00e1nicas y en la gesti\u00f3n de los programas de secado. Disponibles en dos versiones, una con quemadores lineales y otra con quemadores tradicionales, ofrecen un secado perfecto, gracias a la posibilidad de personalizar el flujo de aire y la anchura de la zona de refrigeraci\u00f3n.<\/p>\n","protected":false},"excerpt":{"rendered":"<p>Secadores de flujo continuo para empresas agr\u00edcolas que buscan sistemas compactos, sencillos y de alto rendimiento<\/p>\n","protected":false},"author":1,"featured_media":2400,"template":"","meta":{"_acf_changed":false},"categories":[42],"class_list":["post-2398","essiccatoio","type-essiccatoio","status-publish","has-post-thumbnail","hentry","category-secadores-estacionarios"],"acf":[],"yoast_head":"<!-- This site is optimized with the Yoast SEO plugin v27.3 - https:\/\/yoast.com\/product\/yoast-seo-wordpress\/ -->\n<title>Serie FB - Strahl<\/title>\n<meta name=\"description\" content=\"La serie FB es una concentraci\u00f3n de tecnolog\u00eda y eficiencia dise\u00f1ada para manejar peque\u00f1os volumenes de productos de flujo continuo\" \/>\n<meta name=\"robots\" content=\"index, follow, max-snippet:-1, max-image-preview:large, max-video-preview:-1\" \/>\n<link rel=\"canonical\" href=\"https:\/\/strahlgraindryers.com\/es\/secadora\/serie-fb\/\" \/>\n<meta property=\"og:locale\" content=\"es_ES\" \/>\n<meta property=\"og:type\" content=\"article\" \/>\n<meta property=\"og:title\" content=\"Serie FB - Strahl\" \/>\n<meta property=\"og:description\" content=\"La serie FB es una concentraci\u00f3n de tecnolog\u00eda y eficiencia dise\u00f1ada para manejar peque\u00f1os volumenes de productos de flujo continuo\" \/>\n<meta property=\"og:url\" content=\"https:\/\/strahlgraindryers.com\/es\/secadora\/serie-fb\/\" \/>\n<meta property=\"og:site_name\" content=\"Strahl\" \/>\n<meta property=\"article:publisher\" content=\"https:\/\/www.linkedin.com\/company\/strahl-srl\/\" \/>\n<meta property=\"article:modified_time\" content=\"2025-07-04T11:30:37+00:00\" \/>\n<meta property=\"og:image\" content=\"https:\/\/strahlgraindryers.com\/wp-content\/uploads\/2023\/10\/Strahl__258-e1698709017795.jpg\" \/>\n\t<meta property=\"og:image:width\" content=\"1920\" \/>\n\t<meta property=\"og:image:height\" content=\"966\" \/>\n\t<meta property=\"og:image:type\" content=\"image\/jpeg\" \/>\n<meta name=\"twitter:card\" content=\"summary_large_image\" \/>\n<meta name=\"twitter:label1\" content=\"Tiempo de lectura\" \/>\n\t<meta name=\"twitter:data1\" content=\"1 minuto\" \/>\n<script type=\"application\/ld+json\" class=\"yoast-schema-graph\">{\"@context\":\"https:\\\/\\\/schema.org\",\"@graph\":[{\"@type\":\"WebPage\",\"@id\":\"https:\\\/\\\/strahlgraindryers.com\\\/es\\\/secadora\\\/serie-fb\\\/\",\"url\":\"https:\\\/\\\/strahlgraindryers.com\\\/es\\\/secadora\\\/serie-fb\\\/\",\"name\":\"Serie FB - Strahl\",\"isPartOf\":{\"@id\":\"https:\\\/\\\/strahlgraindryers.com\\\/es\\\/#website\"},\"primaryImageOfPage\":{\"@id\":\"https:\\\/\\\/strahlgraindryers.com\\\/es\\\/secadora\\\/serie-fb\\\/#primaryimage\"},\"image\":{\"@id\":\"https:\\\/\\\/strahlgraindryers.com\\\/es\\\/secadora\\\/serie-fb\\\/#primaryimage\"},\"thumbnailUrl\":\"https:\\\/\\\/strahlgraindryers.com\\\/wp-content\\\/uploads\\\/2023\\\/10\\\/Strahl__258-e1698709017795.jpg\",\"datePublished\":\"2023-10-25T15:19:26+00:00\",\"dateModified\":\"2025-07-04T11:30:37+00:00\",\"description\":\"La serie FB es una concentraci\u00f3n de tecnolog\u00eda y eficiencia dise\u00f1ada para manejar peque\u00f1os volumenes de productos de flujo continuo\",\"breadcrumb\":{\"@id\":\"https:\\\/\\\/strahlgraindryers.com\\\/es\\\/secadora\\\/serie-fb\\\/#breadcrumb\"},\"inLanguage\":\"es\",\"potentialAction\":[{\"@type\":\"ReadAction\",\"target\":[\"https:\\\/\\\/strahlgraindryers.com\\\/es\\\/secadora\\\/serie-fb\\\/\"]}]},{\"@type\":\"ImageObject\",\"inLanguage\":\"es\",\"@id\":\"https:\\\/\\\/strahlgraindryers.com\\\/es\\\/secadora\\\/serie-fb\\\/#primaryimage\",\"url\":\"https:\\\/\\\/strahlgraindryers.com\\\/wp-content\\\/uploads\\\/2023\\\/10\\\/Strahl__258-e1698709017795.jpg\",\"contentUrl\":\"https:\\\/\\\/strahlgraindryers.com\\\/wp-content\\\/uploads\\\/2023\\\/10\\\/Strahl__258-e1698709017795.jpg\",\"width\":1920,\"height\":966},{\"@type\":\"BreadcrumbList\",\"@id\":\"https:\\\/\\\/strahlgraindryers.com\\\/es\\\/secadora\\\/serie-fb\\\/#breadcrumb\",\"itemListElement\":[{\"@type\":\"ListItem\",\"position\":1,\"name\":\"Home\",\"item\":\"https:\\\/\\\/strahlgraindryers.com\\\/es\\\/\"},{\"@type\":\"ListItem\",\"position\":2,\"name\":\"Serie FB\"}]},{\"@type\":\"WebSite\",\"@id\":\"https:\\\/\\\/strahlgraindryers.com\\\/es\\\/#website\",\"url\":\"https:\\\/\\\/strahlgraindryers.com\\\/es\\\/\",\"name\":\"https:\\\/\\\/strahlgraindryers.com\\\/\",\"description\":\"Grain Dryers\",\"publisher\":{\"@id\":\"https:\\\/\\\/strahlgraindryers.com\\\/es\\\/#organization\"},\"potentialAction\":[{\"@type\":\"SearchAction\",\"target\":{\"@type\":\"EntryPoint\",\"urlTemplate\":\"https:\\\/\\\/strahlgraindryers.com\\\/es\\\/?s={search_term_string}\"},\"query-input\":{\"@type\":\"PropertyValueSpecification\",\"valueRequired\":true,\"valueName\":\"search_term_string\"}}],\"inLanguage\":\"es\"},{\"@type\":\"Organization\",\"@id\":\"https:\\\/\\\/strahlgraindryers.com\\\/es\\\/#organization\",\"name\":\"Strahl\",\"url\":\"https:\\\/\\\/strahlgraindryers.com\\\/es\\\/\",\"logo\":{\"@type\":\"ImageObject\",\"inLanguage\":\"es\",\"@id\":\"https:\\\/\\\/strahlgraindryers.com\\\/es\\\/#\\\/schema\\\/logo\\\/image\\\/\",\"url\":\"https:\\\/\\\/strahlgraindryers.com\\\/wp-content\\\/uploads\\\/2023\\\/11\\\/Strahl_logo.jpg\",\"contentUrl\":\"https:\\\/\\\/strahlgraindryers.com\\\/wp-content\\\/uploads\\\/2023\\\/11\\\/Strahl_logo.jpg\",\"width\":640,\"height\":140,\"caption\":\"Strahl\"},\"image\":{\"@id\":\"https:\\\/\\\/strahlgraindryers.com\\\/es\\\/#\\\/schema\\\/logo\\\/image\\\/\"},\"sameAs\":[\"https:\\\/\\\/www.linkedin.com\\\/company\\\/strahl-srl\\\/\"]}]}<\/script>\n<!-- \/ Yoast SEO plugin. -->","yoast_head_json":{"title":"Serie FB - Strahl","description":"La serie FB es una concentraci\u00f3n de tecnolog\u00eda y eficiencia dise\u00f1ada para manejar peque\u00f1os volumenes de productos de flujo continuo","robots":{"index":"index","follow":"follow","max-snippet":"max-snippet:-1","max-image-preview":"max-image-preview:large","max-video-preview":"max-video-preview:-1"},"canonical":"https:\/\/strahlgraindryers.com\/es\/secadora\/serie-fb\/","og_locale":"es_ES","og_type":"article","og_title":"Serie FB - Strahl","og_description":"La serie FB es una concentraci\u00f3n de tecnolog\u00eda y eficiencia dise\u00f1ada para manejar peque\u00f1os volumenes de productos de flujo continuo","og_url":"https:\/\/strahlgraindryers.com\/es\/secadora\/serie-fb\/","og_site_name":"Strahl","article_publisher":"https:\/\/www.linkedin.com\/company\/strahl-srl\/","article_modified_time":"2025-07-04T11:30:37+00:00","og_image":[{"width":1920,"height":966,"url":"https:\/\/strahlgraindryers.com\/wp-content\/uploads\/2023\/10\/Strahl__258-e1698709017795.jpg","type":"image\/jpeg"}],"twitter_card":"summary_large_image","twitter_misc":{"Tiempo de lectura":"1 minuto"},"schema":{"@context":"https:\/\/schema.org","@graph":[{"@type":"WebPage","@id":"https:\/\/strahlgraindryers.com\/es\/secadora\/serie-fb\/","url":"https:\/\/strahlgraindryers.com\/es\/secadora\/serie-fb\/","name":"Serie FB - Strahl","isPartOf":{"@id":"https:\/\/strahlgraindryers.com\/es\/#website"},"primaryImageOfPage":{"@id":"https:\/\/strahlgraindryers.com\/es\/secadora\/serie-fb\/#primaryimage"},"image":{"@id":"https:\/\/strahlgraindryers.com\/es\/secadora\/serie-fb\/#primaryimage"},"thumbnailUrl":"https:\/\/strahlgraindryers.com\/wp-content\/uploads\/2023\/10\/Strahl__258-e1698709017795.jpg","datePublished":"2023-10-25T15:19:26+00:00","dateModified":"2025-07-04T11:30:37+00:00","description":"La serie FB es una concentraci\u00f3n de tecnolog\u00eda y eficiencia dise\u00f1ada para manejar peque\u00f1os volumenes de productos de flujo continuo","breadcrumb":{"@id":"https:\/\/strahlgraindryers.com\/es\/secadora\/serie-fb\/#breadcrumb"},"inLanguage":"es","potentialAction":[{"@type":"ReadAction","target":["https:\/\/strahlgraindryers.com\/es\/secadora\/serie-fb\/"]}]},{"@type":"ImageObject","inLanguage":"es","@id":"https:\/\/strahlgraindryers.com\/es\/secadora\/serie-fb\/#primaryimage","url":"https:\/\/strahlgraindryers.com\/wp-content\/uploads\/2023\/10\/Strahl__258-e1698709017795.jpg","contentUrl":"https:\/\/strahlgraindryers.com\/wp-content\/uploads\/2023\/10\/Strahl__258-e1698709017795.jpg","width":1920,"height":966},{"@type":"BreadcrumbList","@id":"https:\/\/strahlgraindryers.com\/es\/secadora\/serie-fb\/#breadcrumb","itemListElement":[{"@type":"ListItem","position":1,"name":"Home","item":"https:\/\/strahlgraindryers.com\/es\/"},{"@type":"ListItem","position":2,"name":"Serie FB"}]},{"@type":"WebSite","@id":"https:\/\/strahlgraindryers.com\/es\/#website","url":"https:\/\/strahlgraindryers.com\/es\/","name":"https:\/\/strahlgraindryers.com\/","description":"Grain Dryers","publisher":{"@id":"https:\/\/strahlgraindryers.com\/es\/#organization"},"potentialAction":[{"@type":"SearchAction","target":{"@type":"EntryPoint","urlTemplate":"https:\/\/strahlgraindryers.com\/es\/?s={search_term_string}"},"query-input":{"@type":"PropertyValueSpecification","valueRequired":true,"valueName":"search_term_string"}}],"inLanguage":"es"},{"@type":"Organization","@id":"https:\/\/strahlgraindryers.com\/es\/#organization","name":"Strahl","url":"https:\/\/strahlgraindryers.com\/es\/","logo":{"@type":"ImageObject","inLanguage":"es","@id":"https:\/\/strahlgraindryers.com\/es\/#\/schema\/logo\/image\/","url":"https:\/\/strahlgraindryers.com\/wp-content\/uploads\/2023\/11\/Strahl_logo.jpg","contentUrl":"https:\/\/strahlgraindryers.com\/wp-content\/uploads\/2023\/11\/Strahl_logo.jpg","width":640,"height":140,"caption":"Strahl"},"image":{"@id":"https:\/\/strahlgraindryers.com\/es\/#\/schema\/logo\/image\/"},"sameAs":["https:\/\/www.linkedin.com\/company\/strahl-srl\/"]}]}},"_links":{"self":[{"href":"https:\/\/strahlgraindryers.com\/es\/wp-json\/wp\/v2\/essiccatoio\/2398","targetHints":{"allow":["GET"]}}],"collection":[{"href":"https:\/\/strahlgraindryers.com\/es\/wp-json\/wp\/v2\/essiccatoio"}],"about":[{"href":"https:\/\/strahlgraindryers.com\/es\/wp-json\/wp\/v2\/types\/essiccatoio"}],"author":[{"embeddable":true,"href":"https:\/\/strahlgraindryers.com\/es\/wp-json\/wp\/v2\/users\/1"}],"wp:featuredmedia":[{"embeddable":true,"href":"https:\/\/strahlgraindryers.com\/es\/wp-json\/wp\/v2\/media\/2400"}],"wp:attachment":[{"href":"https:\/\/strahlgraindryers.com\/es\/wp-json\/wp\/v2\/media?parent=2398"}],"wp:term":[{"taxonomy":"category","embeddable":true,"href":"https:\/\/strahlgraindryers.com\/es\/wp-json\/wp\/v2\/categories?post=2398"}],"curies":[{"name":"wp","href":"https:\/\/api.w.org\/{rel}","templated":true}]}}

<p>La serie FB es una concentración de tecnología y eficiencia diseñada para manejar pequeños volumenes de productos de flujo continuo, ofrecen una eficiencia extraordinaria en las operaciones mecánicas y en la gestión de los programas de secado. Disponibles en dos versiones, una con quemadores lineales y otra con quemadores tradicionales, ofrecen un secado perfecto, gracias a la posibilidad de personalizar el flujo de aire y la anchura de la zona de refrigeración.</p>

<p>Secadores de flujo continuo para empresas agrícolas que buscan sistemas compactos, sencillos y de alto rendimiento</p>

<!-- This site is optimized with the Yoast SEO plugin v27.3 - https://yoast.com/product/yoast-seo-wordpress/ -->
<title>Serie FB - Strahl</title>
<meta name="description" content="La serie FB es una concentración de tecnología y eficiencia diseñada para manejar pequeños volumenes de productos de flujo continuo" />
<meta name="robots" content="index, follow, max-snippet:-1, max-image-preview:large, max-video-preview:-1" />
<link rel="canonical" href="https://strahlgraindryers.com/es/secadora/serie-fb/" />
<meta property="og:locale" content="es_ES" />
<meta property="og:type" content="article" />
<meta property="og:title" content="Serie FB - Strahl" />
<meta property="og:description" content="La serie FB es una concentración de tecnología y eficiencia diseñada para manejar pequeños volumenes de productos de flujo continuo" />
<meta property="og:url" content="https://strahlgraindryers.com/es/secadora/serie-fb/" />
<meta property="og:site_name" content="Strahl" />
<meta property="article:publisher" content="https://www.linkedin.com/company/strahl-srl/" />
<meta property="article:modified_time" content="2025-07-04T11:30:37+00:00" />
<meta property="og:image" content="https://strahlgraindryers.com/wp-content/uploads/2023/10/Strahl__258-e1698709017795.jpg" />
	<meta property="og:image:width" content="1920" />
	<meta property="og:image:height" content="966" />
	<meta property="og:image:type" content="image/jpeg" />
<meta name="twitter:card" content="summary_large_image" />
<meta name="twitter:label1" content="Tiempo de lectura" />
	<meta name="twitter:data1" content="1 minuto" />
<script type="application/ld+json" class="yoast-schema-graph">{"@context":"https:\/\/schema.org","@graph":[{"@type":"WebPage","@id":"https:\/\/strahlgraindryers.com\/es\/secadora\/serie-fb\/","url":"https:\/\/strahlgraindryers.com\/es\/secadora\/serie-fb\/","name":"Serie FB - Strahl","isPartOf":{"@id":"https:\/\/strahlgraindryers.com\/es\/#website"},"primaryImageOfPage":{"@id":"https:\/\/strahlgraindryers.com\/es\/secadora\/serie-fb\/#primaryimage"},"image":{"@id":"https:\/\/strahlgraindryers.com\/es\/secadora\/serie-fb\/#primaryimage"},"thumbnailUrl":"https:\/\/strahlgraindryers.com\/wp-content\/uploads\/2023\/10\/Strahl__258-e1698709017795.jpg","datePublished":"2023-10-25T15:19:26+00:00","dateModified":"2025-07-04T11:30:37+00:00","description":"La serie FB es una concentración de tecnología y eficiencia diseñada para manejar pequeños volumenes de productos de flujo continuo","breadcrumb":{"@id":"https:\/\/strahlgraindryers.com\/es\/secadora\/serie-fb\/#breadcrumb"},"inLanguage":"es","potentialAction":[{"@type":"ReadAction","target":["https:\/\/strahlgraindryers.com\/es\/secadora\/serie-fb\/"]}]},{"@type":"ImageObject","inLanguage":"es","@id":"https:\/\/strahlgraindryers.com\/es\/secadora\/serie-fb\/#primaryimage","url":"https:\/\/strahlgraindryers.com\/wp-content\/uploads\/2023\/10\/Strahl__258-e1698709017795.jpg","contentUrl":"https:\/\/strahlgraindryers.com\/wp-content\/uploads\/2023\/10\/Strahl__258-e1698709017795.jpg","width":1920,"height":966},{"@type":"BreadcrumbList","@id":"https:\/\/strahlgraindryers.com\/es\/secadora\/serie-fb\/#breadcrumb","itemListElement":[{"@type":"ListItem","position":1,"name":"Home","item":"https:\/\/strahlgraindryers.com\/es\/"},{"@type":"ListItem","position":2,"name":"Serie FB"}]},{"@type":"WebSite","@id":"https:\/\/strahlgraindryers.com\/es\/#website","url":"https:\/\/strahlgraindryers.com\/es\/","name":"https:\/\/strahlgraindryers.com\/","description":"Grain Dryers","publisher":{"@id":"https:\/\/strahlgraindryers.com\/es\/#organization"},"potentialAction":[{"@type":"SearchAction","target":{"@type":"EntryPoint","urlTemplate":"https:\/\/strahlgraindryers.com\/es\/?s={search_term_string}"},"query-input":{"@type":"PropertyValueSpecification","valueRequired":true,"valueName":"search_term_string"}}],"inLanguage":"es"},{"@type":"Organization","@id":"https:\/\/strahlgraindryers.com\/es\/#organization","name":"Strahl","url":"https:\/\/strahlgraindryers.com\/es\/","logo":{"@type":"ImageObject","inLanguage":"es","@id":"https:\/\/strahlgraindryers.com\/es\/#\/schema\/logo\/image\/","url":"https:\/\/strahlgraindryers.com\/wp-content\/uploads\/2023\/11\/Strahl_logo.jpg","contentUrl":"https:\/\/strahlgraindryers.com\/wp-content\/uploads\/2023\/11\/Strahl_logo.jpg","width":640,"height":140,"caption":"Strahl"},"image":{"@id":"https:\/\/strahlgraindryers.com\/es\/#\/schema\/logo\/image\/"},"sameAs":["https:\/\/www.linkedin.com\/company\/strahl-srl\/"]}]}</script>
<!-- / Yoast SEO plugin. -->

La serie FB es una concentración de tecnología y eficiencia diseñada para manejar pequeños volumenes de productos de flujo continuo
