{"id":2375,"date":"2023-10-26T12:49:01","date_gmt":"2023-10-26T10:49:01","guid":{"rendered":"https:\/\/strahlgraindryers.com\/essiccatoio\/serie-fr\/"},"modified":"2025-07-04T13:22:58","modified_gmt":"2025-07-04T11:22:58","slug":"serie-fr","status":"publish","type":"essiccatoio","link":"https:\/\/strahlgraindryers.com\/es\/secadora\/serie-fr\/","title":{"rendered":"Serie FR"},"content":{"rendered":"<p>Los secadores FR est\u00e1n dise\u00f1ados y fabricados para manejar el procesamiento de volumen mediano y grande, uniendo eficiencia y sostenibilidad. Equipados con una soluci\u00f3n de recuperaci\u00f3n de calor integradaque reduce las necesidades energ\u00e9ticas, son increiblemente duraderos y ofrecen un entorno de trabajo c\u00f3modo. Los sistemas de inspecci\u00f3n de f\u00e1cil acceso, permiten un mantenimiento sencillo y seguro. El panel de control de \u00faltima genereaci\u00f3n, permite una amplia personalizaci\u00f3n de las recetas de secado, con una soluci\u00f3n integrada de recuperaci\u00f3n de calor que reduce las necesidades energ\u00e9ticas.<\/p>\n","protected":false},"excerpt":{"rendered":"<p>El dise\u00f1o vanguardista de los secadores Strahl, para resultados sostenibles y eficientes<\/p>\n","protected":false},"author":1,"featured_media":2376,"template":"","meta":{"_acf_changed":false},"categories":[42],"class_list":["post-2375","essiccatoio","type-essiccatoio","status-publish","has-post-thumbnail","hentry","category-secadores-estacionarios"],"acf":[],"yoast_head":"<!-- This site is optimized with the Yoast SEO plugin v27.3 - https:\/\/yoast.com\/product\/yoast-seo-wordpress\/ -->\n<title>Serie FR - Strahl<\/title>\n<meta name=\"description\" content=\"Los secadores FR est\u00e1n dise\u00f1ados y fabricados para manejar el procesamiento de volumen mediano y grande, uniendo eficiencia y sostenibilidad.\" \/>\n<meta name=\"robots\" content=\"index, follow, max-snippet:-1, max-image-preview:large, max-video-preview:-1\" \/>\n<link rel=\"canonical\" href=\"https:\/\/strahlgraindryers.com\/es\/secadora\/serie-fr\/\" \/>\n<meta property=\"og:locale\" content=\"es_ES\" \/>\n<meta property=\"og:type\" content=\"article\" \/>\n<meta property=\"og:title\" content=\"Serie FR - Strahl\" \/>\n<meta property=\"og:description\" content=\"Los secadores FR est\u00e1n dise\u00f1ados y fabricados para manejar el procesamiento de volumen mediano y grande, uniendo eficiencia y sostenibilidad.\" \/>\n<meta property=\"og:url\" content=\"https:\/\/strahlgraindryers.com\/es\/secadora\/serie-fr\/\" \/>\n<meta property=\"og:site_name\" content=\"Strahl\" \/>\n<meta property=\"article:publisher\" content=\"https:\/\/www.linkedin.com\/company\/strahl-srl\/\" \/>\n<meta property=\"article:modified_time\" content=\"2025-07-04T11:22:58+00:00\" \/>\n<meta property=\"og:image\" content=\"https:\/\/strahlgraindryers.com\/wp-content\/uploads\/2023\/10\/grain_drayers_serie_fr.jpg\" \/>\n\t<meta property=\"og:image:width\" content=\"1920\" \/>\n\t<meta property=\"og:image:height\" content=\"1281\" \/>\n\t<meta property=\"og:image:type\" content=\"image\/jpeg\" \/>\n<meta name=\"twitter:card\" content=\"summary_large_image\" \/>\n<meta name=\"twitter:label1\" content=\"Tiempo de lectura\" \/>\n\t<meta name=\"twitter:data1\" content=\"1 minuto\" \/>\n<script type=\"application\/ld+json\" class=\"yoast-schema-graph\">{\"@context\":\"https:\\\/\\\/schema.org\",\"@graph\":[{\"@type\":\"WebPage\",\"@id\":\"https:\\\/\\\/strahlgraindryers.com\\\/es\\\/secadora\\\/serie-fr\\\/\",\"url\":\"https:\\\/\\\/strahlgraindryers.com\\\/es\\\/secadora\\\/serie-fr\\\/\",\"name\":\"Serie FR - Strahl\",\"isPartOf\":{\"@id\":\"https:\\\/\\\/strahlgraindryers.com\\\/es\\\/#website\"},\"primaryImageOfPage\":{\"@id\":\"https:\\\/\\\/strahlgraindryers.com\\\/es\\\/secadora\\\/serie-fr\\\/#primaryimage\"},\"image\":{\"@id\":\"https:\\\/\\\/strahlgraindryers.com\\\/es\\\/secadora\\\/serie-fr\\\/#primaryimage\"},\"thumbnailUrl\":\"https:\\\/\\\/strahlgraindryers.com\\\/wp-content\\\/uploads\\\/2023\\\/10\\\/grain_drayers_serie_fr.jpg\",\"datePublished\":\"2023-10-26T10:49:01+00:00\",\"dateModified\":\"2025-07-04T11:22:58+00:00\",\"description\":\"Los secadores FR est\u00e1n dise\u00f1ados y fabricados para manejar el procesamiento de volumen mediano y grande, uniendo eficiencia y sostenibilidad.\",\"breadcrumb\":{\"@id\":\"https:\\\/\\\/strahlgraindryers.com\\\/es\\\/secadora\\\/serie-fr\\\/#breadcrumb\"},\"inLanguage\":\"es\",\"potentialAction\":[{\"@type\":\"ReadAction\",\"target\":[\"https:\\\/\\\/strahlgraindryers.com\\\/es\\\/secadora\\\/serie-fr\\\/\"]}]},{\"@type\":\"ImageObject\",\"inLanguage\":\"es\",\"@id\":\"https:\\\/\\\/strahlgraindryers.com\\\/es\\\/secadora\\\/serie-fr\\\/#primaryimage\",\"url\":\"https:\\\/\\\/strahlgraindryers.com\\\/wp-content\\\/uploads\\\/2023\\\/10\\\/grain_drayers_serie_fr.jpg\",\"contentUrl\":\"https:\\\/\\\/strahlgraindryers.com\\\/wp-content\\\/uploads\\\/2023\\\/10\\\/grain_drayers_serie_fr.jpg\",\"width\":1920,\"height\":1281},{\"@type\":\"BreadcrumbList\",\"@id\":\"https:\\\/\\\/strahlgraindryers.com\\\/es\\\/secadora\\\/serie-fr\\\/#breadcrumb\",\"itemListElement\":[{\"@type\":\"ListItem\",\"position\":1,\"name\":\"Home\",\"item\":\"https:\\\/\\\/strahlgraindryers.com\\\/es\\\/\"},{\"@type\":\"ListItem\",\"position\":2,\"name\":\"Serie FR\"}]},{\"@type\":\"WebSite\",\"@id\":\"https:\\\/\\\/strahlgraindryers.com\\\/es\\\/#website\",\"url\":\"https:\\\/\\\/strahlgraindryers.com\\\/es\\\/\",\"name\":\"https:\\\/\\\/strahlgraindryers.com\\\/\",\"description\":\"Grain Dryers\",\"publisher\":{\"@id\":\"https:\\\/\\\/strahlgraindryers.com\\\/es\\\/#organization\"},\"potentialAction\":[{\"@type\":\"SearchAction\",\"target\":{\"@type\":\"EntryPoint\",\"urlTemplate\":\"https:\\\/\\\/strahlgraindryers.com\\\/es\\\/?s={search_term_string}\"},\"query-input\":{\"@type\":\"PropertyValueSpecification\",\"valueRequired\":true,\"valueName\":\"search_term_string\"}}],\"inLanguage\":\"es\"},{\"@type\":\"Organization\",\"@id\":\"https:\\\/\\\/strahlgraindryers.com\\\/es\\\/#organization\",\"name\":\"Strahl\",\"url\":\"https:\\\/\\\/strahlgraindryers.com\\\/es\\\/\",\"logo\":{\"@type\":\"ImageObject\",\"inLanguage\":\"es\",\"@id\":\"https:\\\/\\\/strahlgraindryers.com\\\/es\\\/#\\\/schema\\\/logo\\\/image\\\/\",\"url\":\"https:\\\/\\\/strahlgraindryers.com\\\/wp-content\\\/uploads\\\/2023\\\/11\\\/Strahl_logo.jpg\",\"contentUrl\":\"https:\\\/\\\/strahlgraindryers.com\\\/wp-content\\\/uploads\\\/2023\\\/11\\\/Strahl_logo.jpg\",\"width\":640,\"height\":140,\"caption\":\"Strahl\"},\"image\":{\"@id\":\"https:\\\/\\\/strahlgraindryers.com\\\/es\\\/#\\\/schema\\\/logo\\\/image\\\/\"},\"sameAs\":[\"https:\\\/\\\/www.linkedin.com\\\/company\\\/strahl-srl\\\/\"]}]}<\/script>\n<!-- \/ Yoast SEO plugin. -->","yoast_head_json":{"title":"Serie FR - Strahl","description":"Los secadores FR est\u00e1n dise\u00f1ados y fabricados para manejar el procesamiento de volumen mediano y grande, uniendo eficiencia y sostenibilidad.","robots":{"index":"index","follow":"follow","max-snippet":"max-snippet:-1","max-image-preview":"max-image-preview:large","max-video-preview":"max-video-preview:-1"},"canonical":"https:\/\/strahlgraindryers.com\/es\/secadora\/serie-fr\/","og_locale":"es_ES","og_type":"article","og_title":"Serie FR - Strahl","og_description":"Los secadores FR est\u00e1n dise\u00f1ados y fabricados para manejar el procesamiento de volumen mediano y grande, uniendo eficiencia y sostenibilidad.","og_url":"https:\/\/strahlgraindryers.com\/es\/secadora\/serie-fr\/","og_site_name":"Strahl","article_publisher":"https:\/\/www.linkedin.com\/company\/strahl-srl\/","article_modified_time":"2025-07-04T11:22:58+00:00","og_image":[{"width":1920,"height":1281,"url":"https:\/\/strahlgraindryers.com\/wp-content\/uploads\/2023\/10\/grain_drayers_serie_fr.jpg","type":"image\/jpeg"}],"twitter_card":"summary_large_image","twitter_misc":{"Tiempo de lectura":"1 minuto"},"schema":{"@context":"https:\/\/schema.org","@graph":[{"@type":"WebPage","@id":"https:\/\/strahlgraindryers.com\/es\/secadora\/serie-fr\/","url":"https:\/\/strahlgraindryers.com\/es\/secadora\/serie-fr\/","name":"Serie FR - Strahl","isPartOf":{"@id":"https:\/\/strahlgraindryers.com\/es\/#website"},"primaryImageOfPage":{"@id":"https:\/\/strahlgraindryers.com\/es\/secadora\/serie-fr\/#primaryimage"},"image":{"@id":"https:\/\/strahlgraindryers.com\/es\/secadora\/serie-fr\/#primaryimage"},"thumbnailUrl":"https:\/\/strahlgraindryers.com\/wp-content\/uploads\/2023\/10\/grain_drayers_serie_fr.jpg","datePublished":"2023-10-26T10:49:01+00:00","dateModified":"2025-07-04T11:22:58+00:00","description":"Los secadores FR est\u00e1n dise\u00f1ados y fabricados para manejar el procesamiento de volumen mediano y grande, uniendo eficiencia y sostenibilidad.","breadcrumb":{"@id":"https:\/\/strahlgraindryers.com\/es\/secadora\/serie-fr\/#breadcrumb"},"inLanguage":"es","potentialAction":[{"@type":"ReadAction","target":["https:\/\/strahlgraindryers.com\/es\/secadora\/serie-fr\/"]}]},{"@type":"ImageObject","inLanguage":"es","@id":"https:\/\/strahlgraindryers.com\/es\/secadora\/serie-fr\/#primaryimage","url":"https:\/\/strahlgraindryers.com\/wp-content\/uploads\/2023\/10\/grain_drayers_serie_fr.jpg","contentUrl":"https:\/\/strahlgraindryers.com\/wp-content\/uploads\/2023\/10\/grain_drayers_serie_fr.jpg","width":1920,"height":1281},{"@type":"BreadcrumbList","@id":"https:\/\/strahlgraindryers.com\/es\/secadora\/serie-fr\/#breadcrumb","itemListElement":[{"@type":"ListItem","position":1,"name":"Home","item":"https:\/\/strahlgraindryers.com\/es\/"},{"@type":"ListItem","position":2,"name":"Serie FR"}]},{"@type":"WebSite","@id":"https:\/\/strahlgraindryers.com\/es\/#website","url":"https:\/\/strahlgraindryers.com\/es\/","name":"https:\/\/strahlgraindryers.com\/","description":"Grain Dryers","publisher":{"@id":"https:\/\/strahlgraindryers.com\/es\/#organization"},"potentialAction":[{"@type":"SearchAction","target":{"@type":"EntryPoint","urlTemplate":"https:\/\/strahlgraindryers.com\/es\/?s={search_term_string}"},"query-input":{"@type":"PropertyValueSpecification","valueRequired":true,"valueName":"search_term_string"}}],"inLanguage":"es"},{"@type":"Organization","@id":"https:\/\/strahlgraindryers.com\/es\/#organization","name":"Strahl","url":"https:\/\/strahlgraindryers.com\/es\/","logo":{"@type":"ImageObject","inLanguage":"es","@id":"https:\/\/strahlgraindryers.com\/es\/#\/schema\/logo\/image\/","url":"https:\/\/strahlgraindryers.com\/wp-content\/uploads\/2023\/11\/Strahl_logo.jpg","contentUrl":"https:\/\/strahlgraindryers.com\/wp-content\/uploads\/2023\/11\/Strahl_logo.jpg","width":640,"height":140,"caption":"Strahl"},"image":{"@id":"https:\/\/strahlgraindryers.com\/es\/#\/schema\/logo\/image\/"},"sameAs":["https:\/\/www.linkedin.com\/company\/strahl-srl\/"]}]}},"_links":{"self":[{"href":"https:\/\/strahlgraindryers.com\/es\/wp-json\/wp\/v2\/essiccatoio\/2375","targetHints":{"allow":["GET"]}}],"collection":[{"href":"https:\/\/strahlgraindryers.com\/es\/wp-json\/wp\/v2\/essiccatoio"}],"about":[{"href":"https:\/\/strahlgraindryers.com\/es\/wp-json\/wp\/v2\/types\/essiccatoio"}],"author":[{"embeddable":true,"href":"https:\/\/strahlgraindryers.com\/es\/wp-json\/wp\/v2\/users\/1"}],"wp:featuredmedia":[{"embeddable":true,"href":"https:\/\/strahlgraindryers.com\/es\/wp-json\/wp\/v2\/media\/2376"}],"wp:attachment":[{"href":"https:\/\/strahlgraindryers.com\/es\/wp-json\/wp\/v2\/media?parent=2375"}],"wp:term":[{"taxonomy":"category","embeddable":true,"href":"https:\/\/strahlgraindryers.com\/es\/wp-json\/wp\/v2\/categories?post=2375"}],"curies":[{"name":"wp","href":"https:\/\/api.w.org\/{rel}","templated":true}]}}

<p>Los secadores FR están diseñados y fabricados para manejar el procesamiento de volumen mediano y grande, uniendo eficiencia y sostenibilidad. Equipados con una solución de recuperación de calor integradaque reduce las necesidades energéticas, son increiblemente duraderos y ofrecen un entorno de trabajo cómodo. Los sistemas de inspección de fácil acceso, permiten un mantenimiento sencillo y seguro. El panel de control de última genereación, permite una amplia personalización de las recetas de secado, con una solución integrada de recuperación de calor que reduce las necesidades energéticas.</p>

<p>El diseño vanguardista de los secadores Strahl, para resultados sostenibles y eficientes</p>

<!-- This site is optimized with the Yoast SEO plugin v27.3 - https://yoast.com/product/yoast-seo-wordpress/ -->
<title>Serie FR - Strahl</title>
<meta name="description" content="Los secadores FR están diseñados y fabricados para manejar el procesamiento de volumen mediano y grande, uniendo eficiencia y sostenibilidad." />
<meta name="robots" content="index, follow, max-snippet:-1, max-image-preview:large, max-video-preview:-1" />
<link rel="canonical" href="https://strahlgraindryers.com/es/secadora/serie-fr/" />
<meta property="og:locale" content="es_ES" />
<meta property="og:type" content="article" />
<meta property="og:title" content="Serie FR - Strahl" />
<meta property="og:description" content="Los secadores FR están diseñados y fabricados para manejar el procesamiento de volumen mediano y grande, uniendo eficiencia y sostenibilidad." />
<meta property="og:url" content="https://strahlgraindryers.com/es/secadora/serie-fr/" />
<meta property="og:site_name" content="Strahl" />
<meta property="article:publisher" content="https://www.linkedin.com/company/strahl-srl/" />
<meta property="article:modified_time" content="2025-07-04T11:22:58+00:00" />
<meta property="og:image" content="https://strahlgraindryers.com/wp-content/uploads/2023/10/grain_drayers_serie_fr.jpg" />
	<meta property="og:image:width" content="1920" />
	<meta property="og:image:height" content="1281" />
	<meta property="og:image:type" content="image/jpeg" />
<meta name="twitter:card" content="summary_large_image" />
<meta name="twitter:label1" content="Tiempo de lectura" />
	<meta name="twitter:data1" content="1 minuto" />
<script type="application/ld+json" class="yoast-schema-graph">{"@context":"https:\/\/schema.org","@graph":[{"@type":"WebPage","@id":"https:\/\/strahlgraindryers.com\/es\/secadora\/serie-fr\/","url":"https:\/\/strahlgraindryers.com\/es\/secadora\/serie-fr\/","name":"Serie FR - Strahl","isPartOf":{"@id":"https:\/\/strahlgraindryers.com\/es\/#website"},"primaryImageOfPage":{"@id":"https:\/\/strahlgraindryers.com\/es\/secadora\/serie-fr\/#primaryimage"},"image":{"@id":"https:\/\/strahlgraindryers.com\/es\/secadora\/serie-fr\/#primaryimage"},"thumbnailUrl":"https:\/\/strahlgraindryers.com\/wp-content\/uploads\/2023\/10\/grain_drayers_serie_fr.jpg","datePublished":"2023-10-26T10:49:01+00:00","dateModified":"2025-07-04T11:22:58+00:00","description":"Los secadores FR están diseñados y fabricados para manejar el procesamiento de volumen mediano y grande, uniendo eficiencia y sostenibilidad.","breadcrumb":{"@id":"https:\/\/strahlgraindryers.com\/es\/secadora\/serie-fr\/#breadcrumb"},"inLanguage":"es","potentialAction":[{"@type":"ReadAction","target":["https:\/\/strahlgraindryers.com\/es\/secadora\/serie-fr\/"]}]},{"@type":"ImageObject","inLanguage":"es","@id":"https:\/\/strahlgraindryers.com\/es\/secadora\/serie-fr\/#primaryimage","url":"https:\/\/strahlgraindryers.com\/wp-content\/uploads\/2023\/10\/grain_drayers_serie_fr.jpg","contentUrl":"https:\/\/strahlgraindryers.com\/wp-content\/uploads\/2023\/10\/grain_drayers_serie_fr.jpg","width":1920,"height":1281},{"@type":"BreadcrumbList","@id":"https:\/\/strahlgraindryers.com\/es\/secadora\/serie-fr\/#breadcrumb","itemListElement":[{"@type":"ListItem","position":1,"name":"Home","item":"https:\/\/strahlgraindryers.com\/es\/"},{"@type":"ListItem","position":2,"name":"Serie FR"}]},{"@type":"WebSite","@id":"https:\/\/strahlgraindryers.com\/es\/#website","url":"https:\/\/strahlgraindryers.com\/es\/","name":"https:\/\/strahlgraindryers.com\/","description":"Grain Dryers","publisher":{"@id":"https:\/\/strahlgraindryers.com\/es\/#organization"},"potentialAction":[{"@type":"SearchAction","target":{"@type":"EntryPoint","urlTemplate":"https:\/\/strahlgraindryers.com\/es\/?s={search_term_string}"},"query-input":{"@type":"PropertyValueSpecification","valueRequired":true,"valueName":"search_term_string"}}],"inLanguage":"es"},{"@type":"Organization","@id":"https:\/\/strahlgraindryers.com\/es\/#organization","name":"Strahl","url":"https:\/\/strahlgraindryers.com\/es\/","logo":{"@type":"ImageObject","inLanguage":"es","@id":"https:\/\/strahlgraindryers.com\/es\/#\/schema\/logo\/image\/","url":"https:\/\/strahlgraindryers.com\/wp-content\/uploads\/2023\/11\/Strahl_logo.jpg","contentUrl":"https:\/\/strahlgraindryers.com\/wp-content\/uploads\/2023\/11\/Strahl_logo.jpg","width":640,"height":140,"caption":"Strahl"},"image":{"@id":"https:\/\/strahlgraindryers.com\/es\/#\/schema\/logo\/image\/"},"sameAs":["https:\/\/www.linkedin.com\/company\/strahl-srl\/"]}]}</script>
<!-- / Yoast SEO plugin. -->

Los secadores FR están diseñados y fabricados para manejar el procesamiento de volumen mediano y grande, uniendo eficiencia y sostenibilidad.
