{"id":2620,"date":"2024-04-01T17:07:50","date_gmt":"2024-04-01T15:07:50","guid":{"rendered":"https:\/\/strahlgraindryers.com\/essicatoio-mobile\/as-600\/"},"modified":"2024-04-01T17:07:50","modified_gmt":"2024-04-01T15:07:50","slug":"as-600","status":"publish","type":"essicatoio-mobile","link":"https:\/\/strahlgraindryers.com\/es\/secadora-m\u00f3vil\/as-600\/","title":{"rendered":"AS 600"},"content":{"rendered":"<p><strong>Secador m\u00f3vil para ser remolcado.<\/strong><br \/>\nEntre los secadores de grano m\u00f3viles m\u00e1s peque\u00f1os propuestos por Strahl para facilitar el remolque. La m\u00e1quina AS 600 tien una capacidad de 11.5 m3 y puede producir un maximo de 52 toneladas en un dia.<\/p>\n","protected":false},"featured_media":2621,"template":"","tipologia":[45],"class_list":["post-2620","essicatoio-mobile","type-essicatoio-mobile","status-publish","has-post-thumbnail","hentry","tipologia-turbodry-es"],"acf":[],"yoast_head":"<!-- This site is optimized with the Yoast SEO plugin v27.3 - https:\/\/yoast.com\/product\/yoast-seo-wordpress\/ -->\n<title>AS 600 - Strahl<\/title>\n<meta name=\"robots\" content=\"index, follow, max-snippet:-1, max-image-preview:large, max-video-preview:-1\" \/>\n<link rel=\"canonical\" href=\"https:\/\/strahlgraindryers.com\/es\/secadora-m\u00f3vil\/as-600\/\" \/>\n<meta property=\"og:locale\" content=\"es_ES\" \/>\n<meta property=\"og:type\" content=\"article\" \/>\n<meta property=\"og:title\" content=\"AS 600 - Strahl\" \/>\n<meta property=\"og:description\" content=\"Secador m\u00f3vil para ser remolcado. Entre los secadores de grano m\u00f3viles m\u00e1s peque\u00f1os propuestos por Strahl para facilitar el remolque. La m\u00e1quina AS 600 tien una capacidad de 11.5 m3 y puede producir un maximo de 52 toneladas en un dia.\" \/>\n<meta property=\"og:url\" content=\"https:\/\/strahlgraindryers.com\/es\/secadora-m\u00f3vil\/as-600\/\" \/>\n<meta property=\"og:site_name\" content=\"Strahl\" \/>\n<meta property=\"article:publisher\" content=\"https:\/\/www.linkedin.com\/company\/strahl-srl\/\" \/>\n<meta name=\"twitter:card\" content=\"summary_large_image\" \/>\n<script type=\"application\/ld+json\" class=\"yoast-schema-graph\">{\"@context\":\"https:\\\/\\\/schema.org\",\"@graph\":[{\"@type\":\"WebPage\",\"@id\":\"https:\\\/\\\/strahlgraindryers.com\\\/es\\\/secadora-m\u00f3vil\\\/as-600\\\/\",\"url\":\"https:\\\/\\\/strahlgraindryers.com\\\/es\\\/secadora-m\u00f3vil\\\/as-600\\\/\",\"name\":\"AS 600 - Strahl\",\"isPartOf\":{\"@id\":\"https:\\\/\\\/strahlgraindryers.com\\\/es\\\/#website\"},\"primaryImageOfPage\":{\"@id\":\"https:\\\/\\\/strahlgraindryers.com\\\/es\\\/secadora-m\u00f3vil\\\/as-600\\\/#primaryimage\"},\"image\":{\"@id\":\"https:\\\/\\\/strahlgraindryers.com\\\/es\\\/secadora-m\u00f3vil\\\/as-600\\\/#primaryimage\"},\"thumbnailUrl\":\"https:\\\/\\\/strahlgraindryers.com\\\/wp-content\\\/uploads\\\/2024\\\/04\\\/Essiccatoio-as600_lavoro.jpg\",\"datePublished\":\"2024-04-01T15:07:50+00:00\",\"breadcrumb\":{\"@id\":\"https:\\\/\\\/strahlgraindryers.com\\\/es\\\/secadora-m\u00f3vil\\\/as-600\\\/#breadcrumb\"},\"inLanguage\":\"es\",\"potentialAction\":[{\"@type\":\"ReadAction\",\"target\":[\"https:\\\/\\\/strahlgraindryers.com\\\/es\\\/secadora-m\u00f3vil\\\/as-600\\\/\"]}]},{\"@type\":\"ImageObject\",\"inLanguage\":\"es\",\"@id\":\"https:\\\/\\\/strahlgraindryers.com\\\/es\\\/secadora-m\u00f3vil\\\/as-600\\\/#primaryimage\",\"url\":\"https:\\\/\\\/strahlgraindryers.com\\\/wp-content\\\/uploads\\\/2024\\\/04\\\/Essiccatoio-as600_lavoro.jpg\",\"contentUrl\":\"https:\\\/\\\/strahlgraindryers.com\\\/wp-content\\\/uploads\\\/2024\\\/04\\\/Essiccatoio-as600_lavoro.jpg\",\"width\":900,\"height\":636},{\"@type\":\"BreadcrumbList\",\"@id\":\"https:\\\/\\\/strahlgraindryers.com\\\/es\\\/secadora-m\u00f3vil\\\/as-600\\\/#breadcrumb\",\"itemListElement\":[{\"@type\":\"ListItem\",\"position\":1,\"name\":\"Home\",\"item\":\"https:\\\/\\\/strahlgraindryers.com\\\/es\\\/\"},{\"@type\":\"ListItem\",\"position\":2,\"name\":\"AS 600\"}]},{\"@type\":\"WebSite\",\"@id\":\"https:\\\/\\\/strahlgraindryers.com\\\/es\\\/#website\",\"url\":\"https:\\\/\\\/strahlgraindryers.com\\\/es\\\/\",\"name\":\"https:\\\/\\\/strahlgraindryers.com\\\/\",\"description\":\"Grain Dryers\",\"publisher\":{\"@id\":\"https:\\\/\\\/strahlgraindryers.com\\\/es\\\/#organization\"},\"potentialAction\":[{\"@type\":\"SearchAction\",\"target\":{\"@type\":\"EntryPoint\",\"urlTemplate\":\"https:\\\/\\\/strahlgraindryers.com\\\/es\\\/?s={search_term_string}\"},\"query-input\":{\"@type\":\"PropertyValueSpecification\",\"valueRequired\":true,\"valueName\":\"search_term_string\"}}],\"inLanguage\":\"es\"},{\"@type\":\"Organization\",\"@id\":\"https:\\\/\\\/strahlgraindryers.com\\\/es\\\/#organization\",\"name\":\"Strahl\",\"url\":\"https:\\\/\\\/strahlgraindryers.com\\\/es\\\/\",\"logo\":{\"@type\":\"ImageObject\",\"inLanguage\":\"es\",\"@id\":\"https:\\\/\\\/strahlgraindryers.com\\\/es\\\/#\\\/schema\\\/logo\\\/image\\\/\",\"url\":\"https:\\\/\\\/strahlgraindryers.com\\\/wp-content\\\/uploads\\\/2023\\\/11\\\/Strahl_logo.jpg\",\"contentUrl\":\"https:\\\/\\\/strahlgraindryers.com\\\/wp-content\\\/uploads\\\/2023\\\/11\\\/Strahl_logo.jpg\",\"width\":640,\"height\":140,\"caption\":\"Strahl\"},\"image\":{\"@id\":\"https:\\\/\\\/strahlgraindryers.com\\\/es\\\/#\\\/schema\\\/logo\\\/image\\\/\"},\"sameAs\":[\"https:\\\/\\\/www.linkedin.com\\\/company\\\/strahl-srl\\\/\"]}]}<\/script>\n<!-- \/ Yoast SEO plugin. -->","yoast_head_json":{"title":"AS 600 - Strahl","robots":{"index":"index","follow":"follow","max-snippet":"max-snippet:-1","max-image-preview":"max-image-preview:large","max-video-preview":"max-video-preview:-1"},"canonical":"https:\/\/strahlgraindryers.com\/es\/secadora-m\u00f3vil\/as-600\/","og_locale":"es_ES","og_type":"article","og_title":"AS 600 - Strahl","og_description":"Secador m\u00f3vil para ser remolcado. Entre los secadores de grano m\u00f3viles m\u00e1s peque\u00f1os propuestos por Strahl para facilitar el remolque. La m\u00e1quina AS 600 tien una capacidad de 11.5 m3 y puede producir un maximo de 52 toneladas en un dia.","og_url":"https:\/\/strahlgraindryers.com\/es\/secadora-m\u00f3vil\/as-600\/","og_site_name":"Strahl","article_publisher":"https:\/\/www.linkedin.com\/company\/strahl-srl\/","twitter_card":"summary_large_image","schema":{"@context":"https:\/\/schema.org","@graph":[{"@type":"WebPage","@id":"https:\/\/strahlgraindryers.com\/es\/secadora-m\u00f3vil\/as-600\/","url":"https:\/\/strahlgraindryers.com\/es\/secadora-m\u00f3vil\/as-600\/","name":"AS 600 - Strahl","isPartOf":{"@id":"https:\/\/strahlgraindryers.com\/es\/#website"},"primaryImageOfPage":{"@id":"https:\/\/strahlgraindryers.com\/es\/secadora-m\u00f3vil\/as-600\/#primaryimage"},"image":{"@id":"https:\/\/strahlgraindryers.com\/es\/secadora-m\u00f3vil\/as-600\/#primaryimage"},"thumbnailUrl":"https:\/\/strahlgraindryers.com\/wp-content\/uploads\/2024\/04\/Essiccatoio-as600_lavoro.jpg","datePublished":"2024-04-01T15:07:50+00:00","breadcrumb":{"@id":"https:\/\/strahlgraindryers.com\/es\/secadora-m\u00f3vil\/as-600\/#breadcrumb"},"inLanguage":"es","potentialAction":[{"@type":"ReadAction","target":["https:\/\/strahlgraindryers.com\/es\/secadora-m\u00f3vil\/as-600\/"]}]},{"@type":"ImageObject","inLanguage":"es","@id":"https:\/\/strahlgraindryers.com\/es\/secadora-m\u00f3vil\/as-600\/#primaryimage","url":"https:\/\/strahlgraindryers.com\/wp-content\/uploads\/2024\/04\/Essiccatoio-as600_lavoro.jpg","contentUrl":"https:\/\/strahlgraindryers.com\/wp-content\/uploads\/2024\/04\/Essiccatoio-as600_lavoro.jpg","width":900,"height":636},{"@type":"BreadcrumbList","@id":"https:\/\/strahlgraindryers.com\/es\/secadora-m\u00f3vil\/as-600\/#breadcrumb","itemListElement":[{"@type":"ListItem","position":1,"name":"Home","item":"https:\/\/strahlgraindryers.com\/es\/"},{"@type":"ListItem","position":2,"name":"AS 600"}]},{"@type":"WebSite","@id":"https:\/\/strahlgraindryers.com\/es\/#website","url":"https:\/\/strahlgraindryers.com\/es\/","name":"https:\/\/strahlgraindryers.com\/","description":"Grain Dryers","publisher":{"@id":"https:\/\/strahlgraindryers.com\/es\/#organization"},"potentialAction":[{"@type":"SearchAction","target":{"@type":"EntryPoint","urlTemplate":"https:\/\/strahlgraindryers.com\/es\/?s={search_term_string}"},"query-input":{"@type":"PropertyValueSpecification","valueRequired":true,"valueName":"search_term_string"}}],"inLanguage":"es"},{"@type":"Organization","@id":"https:\/\/strahlgraindryers.com\/es\/#organization","name":"Strahl","url":"https:\/\/strahlgraindryers.com\/es\/","logo":{"@type":"ImageObject","inLanguage":"es","@id":"https:\/\/strahlgraindryers.com\/es\/#\/schema\/logo\/image\/","url":"https:\/\/strahlgraindryers.com\/wp-content\/uploads\/2023\/11\/Strahl_logo.jpg","contentUrl":"https:\/\/strahlgraindryers.com\/wp-content\/uploads\/2023\/11\/Strahl_logo.jpg","width":640,"height":140,"caption":"Strahl"},"image":{"@id":"https:\/\/strahlgraindryers.com\/es\/#\/schema\/logo\/image\/"},"sameAs":["https:\/\/www.linkedin.com\/company\/strahl-srl\/"]}]}},"_links":{"self":[{"href":"https:\/\/strahlgraindryers.com\/es\/wp-json\/wp\/v2\/essicatoio-mobile\/2620","targetHints":{"allow":["GET"]}}],"collection":[{"href":"https:\/\/strahlgraindryers.com\/es\/wp-json\/wp\/v2\/essicatoio-mobile"}],"about":[{"href":"https:\/\/strahlgraindryers.com\/es\/wp-json\/wp\/v2\/types\/essicatoio-mobile"}],"wp:featuredmedia":[{"embeddable":true,"href":"https:\/\/strahlgraindryers.com\/es\/wp-json\/wp\/v2\/media\/2621"}],"wp:attachment":[{"href":"https:\/\/strahlgraindryers.com\/es\/wp-json\/wp\/v2\/media?parent=2620"}],"wp:term":[{"taxonomy":"tipologia","embeddable":true,"href":"https:\/\/strahlgraindryers.com\/es\/wp-json\/wp\/v2\/tipologia?post=2620"}],"curies":[{"name":"wp","href":"https:\/\/api.w.org\/{rel}","templated":true}]}}

https://strahlgraindryers.com/es/secadora-móvil/as-600/

<p><strong>Secador móvil para ser remolcado.</strong><br />
Entre los secadores de grano móviles más pequeños propuestos por Strahl para facilitar el remolque. La máquina AS 600 tien una capacidad de 11.5 m3 y puede producir un maximo de 52 toneladas en un dia.</p>

<!-- This site is optimized with the Yoast SEO plugin v27.3 - https://yoast.com/product/yoast-seo-wordpress/ -->
<title>AS 600 - Strahl</title>
<meta name="robots" content="index, follow, max-snippet:-1, max-image-preview:large, max-video-preview:-1" />
<link rel="canonical" href="https://strahlgraindryers.com/es/secadora-móvil/as-600/" />
<meta property="og:locale" content="es_ES" />
<meta property="og:type" content="article" />
<meta property="og:title" content="AS 600 - Strahl" />
<meta property="og:description" content="Secador móvil para ser remolcado. Entre los secadores de grano móviles más pequeños propuestos por Strahl para facilitar el remolque. La máquina AS 600 tien una capacidad de 11.5 m3 y puede producir un maximo de 52 toneladas en un dia." />
<meta property="og:url" content="https://strahlgraindryers.com/es/secadora-móvil/as-600/" />
<meta property="og:site_name" content="Strahl" />
<meta property="article:publisher" content="https://www.linkedin.com/company/strahl-srl/" />
<meta name="twitter:card" content="summary_large_image" />
<script type="application/ld+json" class="yoast-schema-graph">{"@context":"https:\/\/schema.org","@graph":[{"@type":"WebPage","@id":"https:\/\/strahlgraindryers.com\/es\/secadora-móvil\/as-600\/","url":"https:\/\/strahlgraindryers.com\/es\/secadora-móvil\/as-600\/","name":"AS 600 - Strahl","isPartOf":{"@id":"https:\/\/strahlgraindryers.com\/es\/#website"},"primaryImageOfPage":{"@id":"https:\/\/strahlgraindryers.com\/es\/secadora-móvil\/as-600\/#primaryimage"},"image":{"@id":"https:\/\/strahlgraindryers.com\/es\/secadora-móvil\/as-600\/#primaryimage"},"thumbnailUrl":"https:\/\/strahlgraindryers.com\/wp-content\/uploads\/2024\/04\/Essiccatoio-as600_lavoro.jpg","datePublished":"2024-04-01T15:07:50+00:00","breadcrumb":{"@id":"https:\/\/strahlgraindryers.com\/es\/secadora-móvil\/as-600\/#breadcrumb"},"inLanguage":"es","potentialAction":[{"@type":"ReadAction","target":["https:\/\/strahlgraindryers.com\/es\/secadora-móvil\/as-600\/"]}]},{"@type":"ImageObject","inLanguage":"es","@id":"https:\/\/strahlgraindryers.com\/es\/secadora-móvil\/as-600\/#primaryimage","url":"https:\/\/strahlgraindryers.com\/wp-content\/uploads\/2024\/04\/Essiccatoio-as600_lavoro.jpg","contentUrl":"https:\/\/strahlgraindryers.com\/wp-content\/uploads\/2024\/04\/Essiccatoio-as600_lavoro.jpg","width":900,"height":636},{"@type":"BreadcrumbList","@id":"https:\/\/strahlgraindryers.com\/es\/secadora-móvil\/as-600\/#breadcrumb","itemListElement":[{"@type":"ListItem","position":1,"name":"Home","item":"https:\/\/strahlgraindryers.com\/es\/"},{"@type":"ListItem","position":2,"name":"AS 600"}]},{"@type":"WebSite","@id":"https:\/\/strahlgraindryers.com\/es\/#website","url":"https:\/\/strahlgraindryers.com\/es\/","name":"https:\/\/strahlgraindryers.com\/","description":"Grain Dryers","publisher":{"@id":"https:\/\/strahlgraindryers.com\/es\/#organization"},"potentialAction":[{"@type":"SearchAction","target":{"@type":"EntryPoint","urlTemplate":"https:\/\/strahlgraindryers.com\/es\/?s={search_term_string}"},"query-input":{"@type":"PropertyValueSpecification","valueRequired":true,"valueName":"search_term_string"}}],"inLanguage":"es"},{"@type":"Organization","@id":"https:\/\/strahlgraindryers.com\/es\/#organization","name":"Strahl","url":"https:\/\/strahlgraindryers.com\/es\/","logo":{"@type":"ImageObject","inLanguage":"es","@id":"https:\/\/strahlgraindryers.com\/es\/#\/schema\/logo\/image\/","url":"https:\/\/strahlgraindryers.com\/wp-content\/uploads\/2023\/11\/Strahl_logo.jpg","contentUrl":"https:\/\/strahlgraindryers.com\/wp-content\/uploads\/2023\/11\/Strahl_logo.jpg","width":640,"height":140,"caption":"Strahl"},"image":{"@id":"https:\/\/strahlgraindryers.com\/es\/#\/schema\/logo\/image\/"},"sameAs":["https:\/\/www.linkedin.com\/company\/strahl-srl\/"]}]}</script>
<!-- / Yoast SEO plugin. -->

Secador móvil para ser remolcado. Entre los secadores de grano móviles más pequeños propuestos por Strahl para facilitar el remolque. La máquina AS 600 tien una capacidad de 11.5 m3 y puede producir un maximo de 52 toneladas en un dia.

https://strahlgraindryers.com/es/secadora-móvil/as-600/#primaryimage

https://strahlgraindryers.com/es/secadora-móvil/as-600/#breadcrumb
