{"id":2588,"date":"2024-03-15T13:07:55","date_gmt":"2024-03-15T12:07:55","guid":{"rendered":"https:\/\/strahlgraindryers.com\/essicatoio-mobile\/es-1350\/"},"modified":"2025-07-04T17:32:27","modified_gmt":"2025-07-04T15:32:27","slug":"es-1350","status":"publish","type":"essicatoio-mobile","link":"https:\/\/strahlgraindryers.com\/es\/secadora-m\u00f3vil\/es-1350\/","title":{"rendered":"ES 1350"},"content":{"rendered":"<p><strong>Secador m\u00f3vil para cadenas de suministro ecol\u00f3gicas.<\/strong><br \/>\nLa respuesta al agricultor que busca un secador m\u00f3vil ecol\u00f3gico adecuado tanto para lotes peque\u00f1os como grandes. Una m\u00e1quina potente, capaz de procesar 86 toneladas de producto en el transcurso del dia.<\/p>\n","protected":false},"featured_media":2589,"template":"","tipologia":[44],"class_list":["post-2588","essicatoio-mobile","type-essicatoio-mobile","status-publish","has-post-thumbnail","hentry","tipologia-biosecado"],"acf":[],"yoast_head":"<!-- This site is optimized with the Yoast SEO plugin v27.3 - https:\/\/yoast.com\/product\/yoast-seo-wordpress\/ -->\n<title>ES 1350 - Strahl<\/title>\n<meta name=\"robots\" content=\"index, follow, max-snippet:-1, max-image-preview:large, max-video-preview:-1\" \/>\n<link rel=\"canonical\" href=\"https:\/\/strahlgraindryers.com\/es\/secadora-m\u00f3vil\/es-1350\/\" \/>\n<meta property=\"og:locale\" content=\"es_ES\" \/>\n<meta property=\"og:type\" content=\"article\" \/>\n<meta property=\"og:title\" content=\"ES 1350 - Strahl\" \/>\n<meta property=\"og:description\" content=\"Secador m\u00f3vil para cadenas de suministro ecol\u00f3gicas. La respuesta al agricultor que busca un secador m\u00f3vil ecol\u00f3gico adecuado tanto para lotes peque\u00f1os como grandes. Una m\u00e1quina potente, capaz de procesar 86 toneladas de producto en el transcurso del dia.\" \/>\n<meta property=\"og:url\" content=\"https:\/\/strahlgraindryers.com\/es\/secadora-m\u00f3vil\/es-1350\/\" \/>\n<meta property=\"og:site_name\" content=\"Strahl\" \/>\n<meta property=\"article:publisher\" content=\"https:\/\/www.linkedin.com\/company\/strahl-srl\/\" \/>\n<meta property=\"article:modified_time\" content=\"2025-07-04T15:32:27+00:00\" \/>\n<meta property=\"og:image\" content=\"https:\/\/strahlgraindryers.com\/wp-content\/uploads\/2024\/03\/essiccatoio_es1350lavoro.jpg\" \/>\n\t<meta property=\"og:image:width\" content=\"850\" \/>\n\t<meta property=\"og:image:height\" content=\"601\" \/>\n\t<meta property=\"og:image:type\" content=\"image\/jpeg\" \/>\n<meta name=\"twitter:card\" content=\"summary_large_image\" \/>\n<meta name=\"twitter:label1\" content=\"Tiempo de lectura\" \/>\n\t<meta name=\"twitter:data1\" content=\"1 minuto\" \/>\n<script type=\"application\/ld+json\" class=\"yoast-schema-graph\">{\"@context\":\"https:\\\/\\\/schema.org\",\"@graph\":[{\"@type\":\"WebPage\",\"@id\":\"https:\\\/\\\/strahlgraindryers.com\\\/es\\\/secadora-m\u00f3vil\\\/es-1350\\\/\",\"url\":\"https:\\\/\\\/strahlgraindryers.com\\\/es\\\/secadora-m\u00f3vil\\\/es-1350\\\/\",\"name\":\"ES 1350 - Strahl\",\"isPartOf\":{\"@id\":\"https:\\\/\\\/strahlgraindryers.com\\\/es\\\/#website\"},\"primaryImageOfPage\":{\"@id\":\"https:\\\/\\\/strahlgraindryers.com\\\/es\\\/secadora-m\u00f3vil\\\/es-1350\\\/#primaryimage\"},\"image\":{\"@id\":\"https:\\\/\\\/strahlgraindryers.com\\\/es\\\/secadora-m\u00f3vil\\\/es-1350\\\/#primaryimage\"},\"thumbnailUrl\":\"https:\\\/\\\/strahlgraindryers.com\\\/wp-content\\\/uploads\\\/2024\\\/03\\\/essiccatoio_es1350lavoro.jpg\",\"datePublished\":\"2024-03-15T12:07:55+00:00\",\"dateModified\":\"2025-07-04T15:32:27+00:00\",\"breadcrumb\":{\"@id\":\"https:\\\/\\\/strahlgraindryers.com\\\/es\\\/secadora-m\u00f3vil\\\/es-1350\\\/#breadcrumb\"},\"inLanguage\":\"es\",\"potentialAction\":[{\"@type\":\"ReadAction\",\"target\":[\"https:\\\/\\\/strahlgraindryers.com\\\/es\\\/secadora-m\u00f3vil\\\/es-1350\\\/\"]}]},{\"@type\":\"ImageObject\",\"inLanguage\":\"es\",\"@id\":\"https:\\\/\\\/strahlgraindryers.com\\\/es\\\/secadora-m\u00f3vil\\\/es-1350\\\/#primaryimage\",\"url\":\"https:\\\/\\\/strahlgraindryers.com\\\/wp-content\\\/uploads\\\/2024\\\/03\\\/essiccatoio_es1350lavoro.jpg\",\"contentUrl\":\"https:\\\/\\\/strahlgraindryers.com\\\/wp-content\\\/uploads\\\/2024\\\/03\\\/essiccatoio_es1350lavoro.jpg\",\"width\":850,\"height\":601},{\"@type\":\"BreadcrumbList\",\"@id\":\"https:\\\/\\\/strahlgraindryers.com\\\/es\\\/secadora-m\u00f3vil\\\/es-1350\\\/#breadcrumb\",\"itemListElement\":[{\"@type\":\"ListItem\",\"position\":1,\"name\":\"Home\",\"item\":\"https:\\\/\\\/strahlgraindryers.com\\\/es\\\/\"},{\"@type\":\"ListItem\",\"position\":2,\"name\":\"ES 1350\"}]},{\"@type\":\"WebSite\",\"@id\":\"https:\\\/\\\/strahlgraindryers.com\\\/es\\\/#website\",\"url\":\"https:\\\/\\\/strahlgraindryers.com\\\/es\\\/\",\"name\":\"https:\\\/\\\/strahlgraindryers.com\\\/\",\"description\":\"Grain Dryers\",\"publisher\":{\"@id\":\"https:\\\/\\\/strahlgraindryers.com\\\/es\\\/#organization\"},\"potentialAction\":[{\"@type\":\"SearchAction\",\"target\":{\"@type\":\"EntryPoint\",\"urlTemplate\":\"https:\\\/\\\/strahlgraindryers.com\\\/es\\\/?s={search_term_string}\"},\"query-input\":{\"@type\":\"PropertyValueSpecification\",\"valueRequired\":true,\"valueName\":\"search_term_string\"}}],\"inLanguage\":\"es\"},{\"@type\":\"Organization\",\"@id\":\"https:\\\/\\\/strahlgraindryers.com\\\/es\\\/#organization\",\"name\":\"Strahl\",\"url\":\"https:\\\/\\\/strahlgraindryers.com\\\/es\\\/\",\"logo\":{\"@type\":\"ImageObject\",\"inLanguage\":\"es\",\"@id\":\"https:\\\/\\\/strahlgraindryers.com\\\/es\\\/#\\\/schema\\\/logo\\\/image\\\/\",\"url\":\"https:\\\/\\\/strahlgraindryers.com\\\/wp-content\\\/uploads\\\/2023\\\/11\\\/Strahl_logo.jpg\",\"contentUrl\":\"https:\\\/\\\/strahlgraindryers.com\\\/wp-content\\\/uploads\\\/2023\\\/11\\\/Strahl_logo.jpg\",\"width\":640,\"height\":140,\"caption\":\"Strahl\"},\"image\":{\"@id\":\"https:\\\/\\\/strahlgraindryers.com\\\/es\\\/#\\\/schema\\\/logo\\\/image\\\/\"},\"sameAs\":[\"https:\\\/\\\/www.linkedin.com\\\/company\\\/strahl-srl\\\/\"]}]}<\/script>\n<!-- \/ Yoast SEO plugin. -->","yoast_head_json":{"title":"ES 1350 - Strahl","robots":{"index":"index","follow":"follow","max-snippet":"max-snippet:-1","max-image-preview":"max-image-preview:large","max-video-preview":"max-video-preview:-1"},"canonical":"https:\/\/strahlgraindryers.com\/es\/secadora-m\u00f3vil\/es-1350\/","og_locale":"es_ES","og_type":"article","og_title":"ES 1350 - Strahl","og_description":"Secador m\u00f3vil para cadenas de suministro ecol\u00f3gicas. La respuesta al agricultor que busca un secador m\u00f3vil ecol\u00f3gico adecuado tanto para lotes peque\u00f1os como grandes. Una m\u00e1quina potente, capaz de procesar 86 toneladas de producto en el transcurso del dia.","og_url":"https:\/\/strahlgraindryers.com\/es\/secadora-m\u00f3vil\/es-1350\/","og_site_name":"Strahl","article_publisher":"https:\/\/www.linkedin.com\/company\/strahl-srl\/","article_modified_time":"2025-07-04T15:32:27+00:00","og_image":[{"width":850,"height":601,"url":"https:\/\/strahlgraindryers.com\/wp-content\/uploads\/2024\/03\/essiccatoio_es1350lavoro.jpg","type":"image\/jpeg"}],"twitter_card":"summary_large_image","twitter_misc":{"Tiempo de lectura":"1 minuto"},"schema":{"@context":"https:\/\/schema.org","@graph":[{"@type":"WebPage","@id":"https:\/\/strahlgraindryers.com\/es\/secadora-m\u00f3vil\/es-1350\/","url":"https:\/\/strahlgraindryers.com\/es\/secadora-m\u00f3vil\/es-1350\/","name":"ES 1350 - Strahl","isPartOf":{"@id":"https:\/\/strahlgraindryers.com\/es\/#website"},"primaryImageOfPage":{"@id":"https:\/\/strahlgraindryers.com\/es\/secadora-m\u00f3vil\/es-1350\/#primaryimage"},"image":{"@id":"https:\/\/strahlgraindryers.com\/es\/secadora-m\u00f3vil\/es-1350\/#primaryimage"},"thumbnailUrl":"https:\/\/strahlgraindryers.com\/wp-content\/uploads\/2024\/03\/essiccatoio_es1350lavoro.jpg","datePublished":"2024-03-15T12:07:55+00:00","dateModified":"2025-07-04T15:32:27+00:00","breadcrumb":{"@id":"https:\/\/strahlgraindryers.com\/es\/secadora-m\u00f3vil\/es-1350\/#breadcrumb"},"inLanguage":"es","potentialAction":[{"@type":"ReadAction","target":["https:\/\/strahlgraindryers.com\/es\/secadora-m\u00f3vil\/es-1350\/"]}]},{"@type":"ImageObject","inLanguage":"es","@id":"https:\/\/strahlgraindryers.com\/es\/secadora-m\u00f3vil\/es-1350\/#primaryimage","url":"https:\/\/strahlgraindryers.com\/wp-content\/uploads\/2024\/03\/essiccatoio_es1350lavoro.jpg","contentUrl":"https:\/\/strahlgraindryers.com\/wp-content\/uploads\/2024\/03\/essiccatoio_es1350lavoro.jpg","width":850,"height":601},{"@type":"BreadcrumbList","@id":"https:\/\/strahlgraindryers.com\/es\/secadora-m\u00f3vil\/es-1350\/#breadcrumb","itemListElement":[{"@type":"ListItem","position":1,"name":"Home","item":"https:\/\/strahlgraindryers.com\/es\/"},{"@type":"ListItem","position":2,"name":"ES 1350"}]},{"@type":"WebSite","@id":"https:\/\/strahlgraindryers.com\/es\/#website","url":"https:\/\/strahlgraindryers.com\/es\/","name":"https:\/\/strahlgraindryers.com\/","description":"Grain Dryers","publisher":{"@id":"https:\/\/strahlgraindryers.com\/es\/#organization"},"potentialAction":[{"@type":"SearchAction","target":{"@type":"EntryPoint","urlTemplate":"https:\/\/strahlgraindryers.com\/es\/?s={search_term_string}"},"query-input":{"@type":"PropertyValueSpecification","valueRequired":true,"valueName":"search_term_string"}}],"inLanguage":"es"},{"@type":"Organization","@id":"https:\/\/strahlgraindryers.com\/es\/#organization","name":"Strahl","url":"https:\/\/strahlgraindryers.com\/es\/","logo":{"@type":"ImageObject","inLanguage":"es","@id":"https:\/\/strahlgraindryers.com\/es\/#\/schema\/logo\/image\/","url":"https:\/\/strahlgraindryers.com\/wp-content\/uploads\/2023\/11\/Strahl_logo.jpg","contentUrl":"https:\/\/strahlgraindryers.com\/wp-content\/uploads\/2023\/11\/Strahl_logo.jpg","width":640,"height":140,"caption":"Strahl"},"image":{"@id":"https:\/\/strahlgraindryers.com\/es\/#\/schema\/logo\/image\/"},"sameAs":["https:\/\/www.linkedin.com\/company\/strahl-srl\/"]}]}},"_links":{"self":[{"href":"https:\/\/strahlgraindryers.com\/es\/wp-json\/wp\/v2\/essicatoio-mobile\/2588","targetHints":{"allow":["GET"]}}],"collection":[{"href":"https:\/\/strahlgraindryers.com\/es\/wp-json\/wp\/v2\/essicatoio-mobile"}],"about":[{"href":"https:\/\/strahlgraindryers.com\/es\/wp-json\/wp\/v2\/types\/essicatoio-mobile"}],"wp:featuredmedia":[{"embeddable":true,"href":"https:\/\/strahlgraindryers.com\/es\/wp-json\/wp\/v2\/media\/2589"}],"wp:attachment":[{"href":"https:\/\/strahlgraindryers.com\/es\/wp-json\/wp\/v2\/media?parent=2588"}],"wp:term":[{"taxonomy":"tipologia","embeddable":true,"href":"https:\/\/strahlgraindryers.com\/es\/wp-json\/wp\/v2\/tipologia?post=2588"}],"curies":[{"name":"wp","href":"https:\/\/api.w.org\/{rel}","templated":true}]}}

https://strahlgraindryers.com/es/secadora-móvil/es-1350/

<p><strong>Secador móvil para cadenas de suministro ecológicas.</strong><br />
La respuesta al agricultor que busca un secador móvil ecológico adecuado tanto para lotes pequeños como grandes. Una máquina potente, capaz de procesar 86 toneladas de producto en el transcurso del dia.</p>

<!-- This site is optimized with the Yoast SEO plugin v27.3 - https://yoast.com/product/yoast-seo-wordpress/ -->
<title>ES 1350 - Strahl</title>
<meta name="robots" content="index, follow, max-snippet:-1, max-image-preview:large, max-video-preview:-1" />
<link rel="canonical" href="https://strahlgraindryers.com/es/secadora-móvil/es-1350/" />
<meta property="og:locale" content="es_ES" />
<meta property="og:type" content="article" />
<meta property="og:title" content="ES 1350 - Strahl" />
<meta property="og:description" content="Secador móvil para cadenas de suministro ecológicas. La respuesta al agricultor que busca un secador móvil ecológico adecuado tanto para lotes pequeños como grandes. Una máquina potente, capaz de procesar 86 toneladas de producto en el transcurso del dia." />
<meta property="og:url" content="https://strahlgraindryers.com/es/secadora-móvil/es-1350/" />
<meta property="og:site_name" content="Strahl" />
<meta property="article:publisher" content="https://www.linkedin.com/company/strahl-srl/" />
<meta property="article:modified_time" content="2025-07-04T15:32:27+00:00" />
<meta property="og:image" content="https://strahlgraindryers.com/wp-content/uploads/2024/03/essiccatoio_es1350lavoro.jpg" />
	<meta property="og:image:width" content="850" />
	<meta property="og:image:height" content="601" />
	<meta property="og:image:type" content="image/jpeg" />
<meta name="twitter:card" content="summary_large_image" />
<meta name="twitter:label1" content="Tiempo de lectura" />
	<meta name="twitter:data1" content="1 minuto" />
<script type="application/ld+json" class="yoast-schema-graph">{"@context":"https:\/\/schema.org","@graph":[{"@type":"WebPage","@id":"https:\/\/strahlgraindryers.com\/es\/secadora-móvil\/es-1350\/","url":"https:\/\/strahlgraindryers.com\/es\/secadora-móvil\/es-1350\/","name":"ES 1350 - Strahl","isPartOf":{"@id":"https:\/\/strahlgraindryers.com\/es\/#website"},"primaryImageOfPage":{"@id":"https:\/\/strahlgraindryers.com\/es\/secadora-móvil\/es-1350\/#primaryimage"},"image":{"@id":"https:\/\/strahlgraindryers.com\/es\/secadora-móvil\/es-1350\/#primaryimage"},"thumbnailUrl":"https:\/\/strahlgraindryers.com\/wp-content\/uploads\/2024\/03\/essiccatoio_es1350lavoro.jpg","datePublished":"2024-03-15T12:07:55+00:00","dateModified":"2025-07-04T15:32:27+00:00","breadcrumb":{"@id":"https:\/\/strahlgraindryers.com\/es\/secadora-móvil\/es-1350\/#breadcrumb"},"inLanguage":"es","potentialAction":[{"@type":"ReadAction","target":["https:\/\/strahlgraindryers.com\/es\/secadora-móvil\/es-1350\/"]}]},{"@type":"ImageObject","inLanguage":"es","@id":"https:\/\/strahlgraindryers.com\/es\/secadora-móvil\/es-1350\/#primaryimage","url":"https:\/\/strahlgraindryers.com\/wp-content\/uploads\/2024\/03\/essiccatoio_es1350lavoro.jpg","contentUrl":"https:\/\/strahlgraindryers.com\/wp-content\/uploads\/2024\/03\/essiccatoio_es1350lavoro.jpg","width":850,"height":601},{"@type":"BreadcrumbList","@id":"https:\/\/strahlgraindryers.com\/es\/secadora-móvil\/es-1350\/#breadcrumb","itemListElement":[{"@type":"ListItem","position":1,"name":"Home","item":"https:\/\/strahlgraindryers.com\/es\/"},{"@type":"ListItem","position":2,"name":"ES 1350"}]},{"@type":"WebSite","@id":"https:\/\/strahlgraindryers.com\/es\/#website","url":"https:\/\/strahlgraindryers.com\/es\/","name":"https:\/\/strahlgraindryers.com\/","description":"Grain Dryers","publisher":{"@id":"https:\/\/strahlgraindryers.com\/es\/#organization"},"potentialAction":[{"@type":"SearchAction","target":{"@type":"EntryPoint","urlTemplate":"https:\/\/strahlgraindryers.com\/es\/?s={search_term_string}"},"query-input":{"@type":"PropertyValueSpecification","valueRequired":true,"valueName":"search_term_string"}}],"inLanguage":"es"},{"@type":"Organization","@id":"https:\/\/strahlgraindryers.com\/es\/#organization","name":"Strahl","url":"https:\/\/strahlgraindryers.com\/es\/","logo":{"@type":"ImageObject","inLanguage":"es","@id":"https:\/\/strahlgraindryers.com\/es\/#\/schema\/logo\/image\/","url":"https:\/\/strahlgraindryers.com\/wp-content\/uploads\/2023\/11\/Strahl_logo.jpg","contentUrl":"https:\/\/strahlgraindryers.com\/wp-content\/uploads\/2023\/11\/Strahl_logo.jpg","width":640,"height":140,"caption":"Strahl"},"image":{"@id":"https:\/\/strahlgraindryers.com\/es\/#\/schema\/logo\/image\/"},"sameAs":["https:\/\/www.linkedin.com\/company\/strahl-srl\/"]}]}</script>
<!-- / Yoast SEO plugin. -->

Secador móvil para cadenas de suministro ecológicas. La respuesta al agricultor que busca un secador móvil ecológico adecuado tanto para lotes pequeños como grandes. Una máquina potente, capaz de procesar 86 toneladas de producto en el transcurso del dia.

https://strahlgraindryers.com/es/secadora-móvil/es-1350/#primaryimage

https://strahlgraindryers.com/es/secadora-móvil/es-1350/#breadcrumb
